{"id":983,"date":"2023-02-17T09:31:20","date_gmt":"2023-02-17T09:31:20","guid":{"rendered":"https:\/\/kiwi-kulturinitiative.de\/index.html\/?page_id=983"},"modified":"2026-01-03T16:33:04","modified_gmt":"2026-01-03T16:33:04","slug":"rosi-schmittgen","status":"publish","type":"page","link":"https:\/\/kiwi-kulturinitiative.de\/index.html\/rosi-schmittgen\/","title":{"rendered":"Rosi Schmittgen"},"content":{"rendered":"\n<p class=\"has-text-color has-larger-font-size wp-block-paragraph\" style=\"color:#4f0c7b\"><strong>Rosi Schmittgen<\/strong><\/p>\n\n\n\n<p class=\"wp-block-paragraph\"><\/p>\n\n\n\n<figure class=\"wp-block-image size-large is-resized\"><img loading=\"lazy\" decoding=\"async\" width=\"1010\" height=\"1024\" src=\"https:\/\/kiwi-kulturinitiative.de\/wp-content\/uploads\/2026\/01\/Betende-1010x1024.jpg\" alt=\"\" class=\"wp-image-2647\" style=\"aspect-ratio:1.0201342281879195;width:459px;height:auto\" srcset=\"https:\/\/kiwi-kulturinitiative.de\/wp-content\/uploads\/2026\/01\/Betende-1010x1024.jpg 1010w, https:\/\/kiwi-kulturinitiative.de\/wp-content\/uploads\/2026\/01\/Betende-296x300.jpg 296w, https:\/\/kiwi-kulturinitiative.de\/wp-content\/uploads\/2026\/01\/Betende-768x778.jpg 768w, https:\/\/kiwi-kulturinitiative.de\/wp-content\/uploads\/2026\/01\/Betende.jpg 1396w\" sizes=\"auto, (max-width: 1010px) 100vw, 1010px\" \/><\/figure>\n\n\n\n<p class=\"has-text-color wp-block-paragraph\" style=\"color:#4f0c7b\">Rosi Schmittgen &#8222;Betende&#8220; Acryl auf Leinwand<br><br>Rosi Schmittgen wohnt seit 1982 in Klein-Winternheim.<br>Die Freude an der Malerei begann schon in der Ju\u00adgend. <br>Mit dem Unterricht der Aquarell\u00admalerei bei Inge L\u00fcthje wurde das Interesse verst\u00e4rkt geweckt. <br>Freude an kr\u00e4ftigen Farben wurde durch den Unterricht bei Marc Hellbusch, Mainz, gef\u00f6rdert und durch Roman Schmelter, ebenfalls Mainz, kamen verschiedene Techniken und Malmittel hinzu. <br>Der Mensch ist das bevorzugte Malmotiv von Rosi Schmittgen.<\/p>\n\n\n\n<figure class=\"wp-block-image size-large is-resized\"><img loading=\"lazy\" decoding=\"async\" width=\"1024\" height=\"1024\" src=\"https:\/\/kiwi-kulturinitiative.de\/wp-content\/uploads\/2023\/02\/Diverse-1024x1024.jpg\" alt=\"\" class=\"wp-image-984\" style=\"width:471px;height:auto\" srcset=\"https:\/\/kiwi-kulturinitiative.de\/wp-content\/uploads\/2023\/02\/Diverse-1024x1024.jpg 1024w, https:\/\/kiwi-kulturinitiative.de\/wp-content\/uploads\/2023\/02\/Diverse-300x300.jpg 300w, https:\/\/kiwi-kulturinitiative.de\/wp-content\/uploads\/2023\/02\/Diverse-150x150.jpg 150w, https:\/\/kiwi-kulturinitiative.de\/wp-content\/uploads\/2023\/02\/Diverse-768x768.jpg 768w, https:\/\/kiwi-kulturinitiative.de\/wp-content\/uploads\/2023\/02\/Diverse.jpg 1080w\" sizes=\"auto, (max-width: 1024px) 100vw, 1024px\" \/><\/figure>\n\n\n\n<p class=\"wp-block-paragraph\"><\/p>\n","protected":false},"excerpt":{"rendered":"<p>Rosi Schmittgen Rosi Schmittgen &#8222;Betende&#8220; Acryl auf Leinwand Rosi Schmittgen wohnt seit 1982 in Klein-Winternheim.Die Freude an der Malerei begann schon in der Ju\u00adgend. Mit dem Unterricht der Aquarell\u00admalerei bei [&hellip;]<\/p>\n","protected":false},"author":1,"featured_media":0,"parent":0,"menu_order":0,"comment_status":"closed","ping_status":"closed","template":"","meta":{"_crdt_document":"","footnotes":""},"class_list":["post-983","page","type-page","status-publish","hentry","wpbf-post"],"_links":{"self":[{"href":"https:\/\/kiwi-kulturinitiative.de\/index.html\/wp-json\/wp\/v2\/pages\/983","targetHints":{"allow":["GET"]}}],"collection":[{"href":"https:\/\/kiwi-kulturinitiative.de\/index.html\/wp-json\/wp\/v2\/pages"}],"about":[{"href":"https:\/\/kiwi-kulturinitiative.de\/index.html\/wp-json\/wp\/v2\/types\/page"}],"author":[{"embeddable":true,"href":"https:\/\/kiwi-kulturinitiative.de\/index.html\/wp-json\/wp\/v2\/users\/1"}],"replies":[{"embeddable":true,"href":"https:\/\/kiwi-kulturinitiative.de\/index.html\/wp-json\/wp\/v2\/comments?post=983"}],"version-history":[{"count":7,"href":"https:\/\/kiwi-kulturinitiative.de\/index.html\/wp-json\/wp\/v2\/pages\/983\/revisions"}],"predecessor-version":[{"id":2648,"href":"https:\/\/kiwi-kulturinitiative.de\/index.html\/wp-json\/wp\/v2\/pages\/983\/revisions\/2648"}],"wp:attachment":[{"href":"https:\/\/kiwi-kulturinitiative.de\/index.html\/wp-json\/wp\/v2\/media?parent=983"}],"curies":[{"name":"wp","href":"https:\/\/api.w.org\/{rel}","templated":true}]}}