{"id":903,"date":"2023-02-14T16:51:25","date_gmt":"2023-02-14T16:51:25","guid":{"rendered":"https:\/\/kiwi-kulturinitiative.de\/index.html\/?page_id=903"},"modified":"2023-06-11T15:48:07","modified_gmt":"2023-06-11T15:48:07","slug":"kunstausstellung-2023","status":"publish","type":"page","link":"https:\/\/kiwi-kulturinitiative.de\/index.html\/kunstausstellung-2023\/","title":{"rendered":"Kunstausstellung 2023 &#8222;Klein-Winternheimer Kreativit\u00e4t&#8220;"},"content":{"rendered":"\n<p class=\"has-larger-font-size wp-block-paragraph\"><strong>Kunstausstellung 2023 &#8222;Klein-Winternheimer Kreativit\u00e4t<\/strong>&#8222;<\/p>\n\n\n\n<div class=\"wp-block-buttons is-layout-flex wp-block-buttons-is-layout-flex\">\n<div class=\"wp-block-button\"><a class=\"wp-block-button__link has-text-color has-background wp-element-button\" href=\"https:\/\/kiwi-kulturinitiative.de\/index.html\/anna-christina-nendza\/\" style=\"color:#4f0c7b;background-color:#efca3c\"><strong>Gast-Ausstellerin:<br>Anna Christina Nendza<\/strong><\/a><\/div>\n<\/div>\n\n\n\n<p class=\"has-large-font-size wp-block-paragraph\"><strong>Thema: &#8222;Froh &amp; Munter&#8220;<\/strong><\/p>\n\n\n\n<p class=\"wp-block-paragraph\">Als ehemalige Klein-Winternheimerin \u201cAnna Christina Schmittgen\u201c <br>ist sie Teil der Klein-Winternheimer Kreativit\u00e4t!<br>Sie lebt und arbeitet in D\u00fcsseldorf.<\/p>\n\n\n\n<figure class=\"wp-block-image size-large is-resized\"><img loading=\"lazy\" decoding=\"async\" src=\"https:\/\/kiwi-kulturinitiative.de\/wp-content\/uploads\/2023\/01\/Halle3-Eis-833x1024.jpg\" alt=\"\" class=\"wp-image-824\" width=\"287\" height=\"353\" srcset=\"https:\/\/kiwi-kulturinitiative.de\/wp-content\/uploads\/2023\/01\/Halle3-Eis-833x1024.jpg 833w, https:\/\/kiwi-kulturinitiative.de\/wp-content\/uploads\/2023\/01\/Halle3-Eis-244x300.jpg 244w, https:\/\/kiwi-kulturinitiative.de\/wp-content\/uploads\/2023\/01\/Halle3-Eis-768x944.jpg 768w, https:\/\/kiwi-kulturinitiative.de\/wp-content\/uploads\/2023\/01\/Halle3-Eis.jpg 914w\" sizes=\"auto, (max-width: 287px) 100vw, 287px\" \/><\/figure>\n\n\n\n<p class=\"has-large-font-size wp-block-paragraph\"><strong>weitere Klein-Winternheimer Aussteller*innen:<\/strong><br><br><strong><a href=\"https:\/\/kiwi-kulturinitiative.de\/index.html\/vera-beyer\/\">Vera Beyer<\/a> &#8211; &#8222;Aquarell&#8220;<br><br><a href=\"https:\/\/kiwi-kulturinitiative.de\/index.html\/volker-eckert-malerei\/\">Volker Eckert<\/a> &#8211; \u201e1998 bis 2023 &#8211; Querbeet \u00fcber 25 Jahre\u201c<br><br><a href=\"https:\/\/kiwi-kulturinitiative.de\/index.html\/ursula-kuczka\/\/\">Ursula Kuczka<\/a> &#8211; \u201eSpiegelungen in Acryl\u201c<br><br><a href=\"https:\/\/kiwi-kulturinitiative.de\/index.html\/rosi-schmittgen\/\">Rosi Schmittgen<\/a> &#8211; \u201eDiverse&#8220;<br><br><a href=\"https:\/\/kiwi-kulturinitiative.de\/index.html\/lukas-schwank\/\">Lukas Schwank<\/a> &#8211; \u201eorange\u201c<br><br><a href=\"https:\/\/kiwi-kulturinitiative.de\/index.html\/gaby-kuebert-schmuck-design\/\">Gaby K\u00fcbert<\/a> &#8211; \u201eSchmuck aus Perlen &amp; Halb-Edelsteinen\u201c<br><br><a href=\"https:\/\/kiwi-kulturinitiative.de\/index.html\/hanne-wiese-hildegard-boehmelmann-textil-design\/\">Hildegard B\u00f6hmelmann &amp; Hanne Wiese<\/a> &#8211; &#8222;Textiles Design&#8220;<\/strong><br><br><\/p>\n\n\n\n<p class=\"has-larger-font-size wp-block-paragraph\"><strong>Auktion zu Gunsten der Ukraine-Hilfe<\/strong><\/p>\n\n\n\n<p class=\"wp-block-paragraph\">Anl\u00e4sslich des KiWi-Jubil\u00e4ums spenden alle ausstellenden<br>K\u00fcnstler eines ihrer Werke in den Verkauf bzw. die Versteigerung<br>zu Gunsten der Ukraine Hilfe.<br>Das jeweilige Kunstwerk ist mit einem Kaufpreis gekennzeichnet und kann ab der Vernissage direkt erworben werden.<br>Am Sonntag findet ab 14:30 h eine \u201eamerikanische Versteigerung\u201c<br>der nicht verkauften gespendeten Objekte statt.<br><br>Der Ablauf bei dieser Versteigerung: Der Bieterbetrag ist 2 \u20ac.<br>Jeder, der ein Gebot abgibt, zahlt seine 2 \u20ac unmittelbar nach dem Gebot in eine Kasse, wobei es jedem freisteht, auf das erste Gebot weitere folgen zu lassen. Versteigert wird so lange, bis eine unsichtbare Zeituhr per Klingelzeichen die Auktion beendet. Der dann letzte Bieter erh\u00e4lt den Zuschlag.<br>Wichtiger Hinweis!: Der halbe Wert der Preis-Auszeichnung gilt als<br>Mindestpreis des Kunstwerkes und muss zus\u00e4tzlich zur letzten<br>2-\u20ac-M\u00fcnze eingezahlt werden.<br>Es geht in erster Linie um die Unterst\u00fctzung des Projekts mit dem Erl\u00f6s und um den Spa\u00df an der Veranstaltung, der sich durchaus bis zum<br>Wettfieber steigern kann.<\/p>\n","protected":false},"excerpt":{"rendered":"<p>Kunstausstellung 2023 &#8222;Klein-Winternheimer Kreativit\u00e4t&#8222; Thema: &#8222;Froh &amp; Munter&#8220; Als ehemalige Klein-Winternheimerin \u201cAnna Christina Schmittgen\u201c ist sie Teil der Klein-Winternheimer Kreativit\u00e4t!Sie lebt und arbeitet in D\u00fcsseldorf. weitere Klein-Winternheimer Aussteller*innen: Vera Beyer [&hellip;]<\/p>\n","protected":false},"author":1,"featured_media":0,"parent":0,"menu_order":0,"comment_status":"closed","ping_status":"closed","template":"","meta":{"_crdt_document":"","footnotes":""},"class_list":["post-903","page","type-page","status-publish","hentry","wpbf-post"],"_links":{"self":[{"href":"https:\/\/kiwi-kulturinitiative.de\/index.html\/wp-json\/wp\/v2\/pages\/903","targetHints":{"allow":["GET"]}}],"collection":[{"href":"https:\/\/kiwi-kulturinitiative.de\/index.html\/wp-json\/wp\/v2\/pages"}],"about":[{"href":"https:\/\/kiwi-kulturinitiative.de\/index.html\/wp-json\/wp\/v2\/types\/page"}],"author":[{"embeddable":true,"href":"https:\/\/kiwi-kulturinitiative.de\/index.html\/wp-json\/wp\/v2\/users\/1"}],"replies":[{"embeddable":true,"href":"https:\/\/kiwi-kulturinitiative.de\/index.html\/wp-json\/wp\/v2\/comments?post=903"}],"version-history":[{"count":19,"href":"https:\/\/kiwi-kulturinitiative.de\/index.html\/wp-json\/wp\/v2\/pages\/903\/revisions"}],"predecessor-version":[{"id":1135,"href":"https:\/\/kiwi-kulturinitiative.de\/index.html\/wp-json\/wp\/v2\/pages\/903\/revisions\/1135"}],"wp:attachment":[{"href":"https:\/\/kiwi-kulturinitiative.de\/index.html\/wp-json\/wp\/v2\/media?parent=903"}],"curies":[{"name":"wp","href":"https:\/\/api.w.org\/{rel}","templated":true}]}}