{"id":645,"date":"2023-01-11T15:50:29","date_gmt":"2023-01-11T15:50:29","guid":{"rendered":"https:\/\/kiwi-kulturinitiative.de\/index.html\/?page_id=645"},"modified":"2024-01-10T14:02:08","modified_gmt":"2024-01-10T14:02:08","slug":"hauskonzert-mit-sascha-hartmann","status":"publish","type":"page","link":"https:\/\/kiwi-kulturinitiative.de\/index.html\/hauskonzert-mit-sascha-hartmann\/","title":{"rendered":"Hauskonzert mit Sascha Hartmann"},"content":{"rendered":"\n<p class=\"has-larger-font-size wp-block-paragraph\"><strong>Hauskonzert mit Sascha Hartmann<\/strong><\/p>\n\n\n\n<p class=\"wp-block-paragraph\" style=\"font-size:19px\"><strong>Sonntag, 17. September, 11:00 h &#8211; 13:00 h<\/strong><br><strong>i<\/strong>n der alten Scheune von Inge &amp; Volker Eckert, <br>Hauptstrasse 37, Klein-Winternheim <br>Eintritt frei, jedoch E-Mail-Anmeldung erforderlich! (siehe unten)<br>Spenden willkommen<\/p>\n\n\n\n<p class=\"wp-block-paragraph\"><\/p>\n\n\n\n<figure class=\"wp-block-image size-large\"><img loading=\"lazy\" decoding=\"async\" width=\"1024\" height=\"403\" src=\"https:\/\/kiwi-kulturinitiative.de\/wp-content\/uploads\/2023\/01\/SaschaHartmann-1024x403.jpg\" alt=\"\" class=\"wp-image-646\" srcset=\"https:\/\/kiwi-kulturinitiative.de\/wp-content\/uploads\/2023\/01\/SaschaHartmann-1024x403.jpg 1024w, https:\/\/kiwi-kulturinitiative.de\/wp-content\/uploads\/2023\/01\/SaschaHartmann-300x118.jpg 300w, https:\/\/kiwi-kulturinitiative.de\/wp-content\/uploads\/2023\/01\/SaschaHartmann-768x303.jpg 768w, https:\/\/kiwi-kulturinitiative.de\/wp-content\/uploads\/2023\/01\/SaschaHartmann.jpg 1127w\" sizes=\"auto, (max-width: 1024px) 100vw, 1024px\" \/><\/figure>\n\n\n\n<p class=\"wp-block-paragraph\" style=\"font-size:16px\">Die 22-j\u00e4hrige Sascha Hartmann aus Klein-Winternheim hat beim Bundeswettbewerb \u201eJugend musiziert\u201c in Oldenburg 2022 in der Kategorie Gesang \/ Pop den ersten Platz belegt. Nach der Pr\u00e4sentation von f\u00fcnf Gesangsst\u00fccken \u2013 eines davon selbst geschrieben \u2013 war die Jury \u00fcberzeugt und vergab 24 von 25 m\u00f6glichen Punkten.<br>Die Leidenschaft f\u00fcr Musik wurde der Biologie-Studentin bereits in die Wiege gelegt. Aufgewachsen in einer musikalischen Familie spielt sie seit ihrer Kindheit Klavier und singt in Ch\u00f6ren. Am Frauenlob-Gymnasium, Mainz kam dann noch die F\u00f6rderung ihres Talents durch ihre Lehrer dazu.<br>Nach dem Abitur entschied sich Sascha Hartmann dennoch gegen ein Musikstudium und widmete sich mit der Biologie ihrer zweiten Leidenschaft &#8211; dem Tierschutz. Parallel dazu nahm sie Gesangsstunden am Peter-Cornelius-Konservatorium in Mainz und singt seither in einer Band. <br>Auftritte bei Veranstaltungen oder Hochzeiten und eine Musical-Rolle f\u00fcllen nun ihre Freizeit und geben ihr Gelegenheit, ihrer Herzensangelegenheit nachzugehen: das Publikum mit Emotionen zu ber\u00fchren und zu begeistern.<\/p>\n\n\n\n<p class=\"wp-block-paragraph\" style=\"font-size:19px\"><strong>Aufgrund begrenzten Platzes erfolgt die Reservierung der kostenlosen Eintrittskarten nur per E-Mail mit Angabe von Telefonnummer u. Wohnadresse an: <\/strong><br><strong>v.eckert@t-online.de <\/strong><br><strong>Unsere Best\u00e4tigung per R\u00fcck-Mail ist die Eintrittskarte!<\/strong> <strong>Spenden sind willkommen.<\/strong><\/p>\n","protected":false},"excerpt":{"rendered":"<p>Hauskonzert mit Sascha Hartmann Sonntag, 17. September, 11:00 h &#8211; 13:00 hin der alten Scheune von Inge &amp; Volker Eckert, Hauptstrasse 37, Klein-Winternheim Eintritt frei, jedoch E-Mail-Anmeldung erforderlich! (siehe unten)Spenden [&hellip;]<\/p>\n","protected":false},"author":1,"featured_media":0,"parent":0,"menu_order":0,"comment_status":"closed","ping_status":"closed","template":"","meta":{"_crdt_document":"","footnotes":""},"class_list":["post-645","page","type-page","status-publish","hentry","wpbf-post"],"_links":{"self":[{"href":"https:\/\/kiwi-kulturinitiative.de\/index.html\/wp-json\/wp\/v2\/pages\/645","targetHints":{"allow":["GET"]}}],"collection":[{"href":"https:\/\/kiwi-kulturinitiative.de\/index.html\/wp-json\/wp\/v2\/pages"}],"about":[{"href":"https:\/\/kiwi-kulturinitiative.de\/index.html\/wp-json\/wp\/v2\/types\/page"}],"author":[{"embeddable":true,"href":"https:\/\/kiwi-kulturinitiative.de\/index.html\/wp-json\/wp\/v2\/users\/1"}],"replies":[{"embeddable":true,"href":"https:\/\/kiwi-kulturinitiative.de\/index.html\/wp-json\/wp\/v2\/comments?post=645"}],"version-history":[{"count":7,"href":"https:\/\/kiwi-kulturinitiative.de\/index.html\/wp-json\/wp\/v2\/pages\/645\/revisions"}],"predecessor-version":[{"id":897,"href":"https:\/\/kiwi-kulturinitiative.de\/index.html\/wp-json\/wp\/v2\/pages\/645\/revisions\/897"}],"wp:attachment":[{"href":"https:\/\/kiwi-kulturinitiative.de\/index.html\/wp-json\/wp\/v2\/media?parent=645"}],"curies":[{"name":"wp","href":"https:\/\/api.w.org\/{rel}","templated":true}]}}