{"id":623,"date":"2022-12-31T16:21:28","date_gmt":"2022-12-31T16:21:28","guid":{"rendered":"https:\/\/kiwi-kulturinitiative.de\/index.html\/?page_id=623"},"modified":"2023-02-14T18:30:37","modified_gmt":"2023-02-14T18:30:37","slug":"havanna-kubanische-reise","status":"publish","type":"page","link":"https:\/\/kiwi-kulturinitiative.de\/index.html\/havanna-kubanische-reise\/","title":{"rendered":"Havanna &#8211; Kubanische Reise"},"content":{"rendered":"\n<p class=\"has-text-color has-larger-font-size wp-block-paragraph\" style=\"color:#4f0c7b\"><strong>Havanna &#8211; Kubanische Reise<\/strong><\/p>\n\n\n\n<p class=\"wp-block-paragraph\" style=\"font-size:19px\"><strong>Nadja Brezger &amp; Axel-Grote-Quartett<br>im Rathaus Klein-Winternheim<br>Freitag, 17. M\u00e4rz, 20:00 h<br>Einlass ab 19:30 h<br><a href=\"https:\/\/kiwi-kulturinitiative.de\/index.html\/tickets\/\">Vorverkauf 12 \u20ac <\/a> \/  Abendkasse 14 \u20ac<\/strong><\/p>\n\n\n\n<p class=\"wp-block-paragraph\" style=\"font-size:16px\">Innerhalb der Reihe &#8220; St\u00e4dteportraits&#8220; &nbsp;betreten Axel Grote und Band mit <strong>&#8222;Havanna&#8220;<\/strong> au\u00dfereurop\u00e4ischen Boden, wie immer mit Kamera, Skizzenbuch und landeseigener Literatur im Gep\u00e4ck.<\/p>\n\n\n\n<p class=\"wp-block-paragraph\">Neben der gro\u00dfen, oft tragischen Geschichte dieser Stadt bewegten Axel Grote die Begegnungen mit den Menschen, die dort leben und durch die er Einblicke in ihren Lebensalltag, religi\u00f6se Br\u00e4uche und die Kultur des Landes erhalten konnte.<\/p>\n\n\n\n<p class=\"wp-block-paragraph\">Im Vordergrund steht dabei die Stilvielfalt der \u201eMusica cubana\u201c, wie sie sich ihm bei Konzerten und Proben darstellte und die sich im musikalischen Programm des Abends widerspiegelt. Neben der Musik besch\u00e4ftigen sich die literarischen Texte mit der Geschichte und dem Erscheinungsbild der Stadt. Namhafte kubanische Autoren wie Leonardo Padura und Zoe Valdes greifen das Leben in ihr auf. Dabei darf nicht einer der gro\u00dfen Liebhaber Havannas fehlen, der hier zahlreiche seiner ber\u00fchmtesten Werke verfasste: Ernest Hemingway, der bis heute noch von Kubanern liebevoll als \u201ePapa\u201c bezeichnet wird.<\/p>\n\n\n\n<p class=\"wp-block-paragraph\">Die Texte und Songs werden von Nadja Brezger vorgetragen, musikalisch begleitet von Axel Grote (sax, flute), Sebastian Kling (piano, Akkordeon), Florian Werther (bass) und Axel Pape (drums).<\/p>\n\n\n\n<figure class=\"wp-block-image size-large\"><img loading=\"lazy\" decoding=\"async\" width=\"934\" height=\"1024\" src=\"https:\/\/kiwi-kulturinitiative.de\/wp-content\/uploads\/2022\/12\/image-934x1024.png\" alt=\"\" class=\"wp-image-625\" srcset=\"https:\/\/kiwi-kulturinitiative.de\/wp-content\/uploads\/2022\/12\/image-934x1024.png 934w, https:\/\/kiwi-kulturinitiative.de\/wp-content\/uploads\/2022\/12\/image-274x300.png 274w, https:\/\/kiwi-kulturinitiative.de\/wp-content\/uploads\/2022\/12\/image-768x842.png 768w, https:\/\/kiwi-kulturinitiative.de\/wp-content\/uploads\/2022\/12\/image.png 1121w\" sizes=\"auto, (max-width: 934px) 100vw, 934px\" \/><\/figure>\n","protected":false},"excerpt":{"rendered":"<p>Havanna &#8211; Kubanische Reise Nadja Brezger &amp; Axel-Grote-Quartettim Rathaus Klein-WinternheimFreitag, 17. M\u00e4rz, 20:00 hEinlass ab 19:30 hVorverkauf 12 \u20ac \/ Abendkasse 14 \u20ac Innerhalb der Reihe &#8220; St\u00e4dteportraits&#8220; &nbsp;betreten Axel [&hellip;]<\/p>\n","protected":false},"author":1,"featured_media":0,"parent":0,"menu_order":0,"comment_status":"closed","ping_status":"closed","template":"","meta":{"_crdt_document":"","footnotes":""},"class_list":["post-623","page","type-page","status-publish","hentry","wpbf-post"],"_links":{"self":[{"href":"https:\/\/kiwi-kulturinitiative.de\/index.html\/wp-json\/wp\/v2\/pages\/623","targetHints":{"allow":["GET"]}}],"collection":[{"href":"https:\/\/kiwi-kulturinitiative.de\/index.html\/wp-json\/wp\/v2\/pages"}],"about":[{"href":"https:\/\/kiwi-kulturinitiative.de\/index.html\/wp-json\/wp\/v2\/types\/page"}],"author":[{"embeddable":true,"href":"https:\/\/kiwi-kulturinitiative.de\/index.html\/wp-json\/wp\/v2\/users\/1"}],"replies":[{"embeddable":true,"href":"https:\/\/kiwi-kulturinitiative.de\/index.html\/wp-json\/wp\/v2\/comments?post=623"}],"version-history":[{"count":4,"href":"https:\/\/kiwi-kulturinitiative.de\/index.html\/wp-json\/wp\/v2\/pages\/623\/revisions"}],"predecessor-version":[{"id":877,"href":"https:\/\/kiwi-kulturinitiative.de\/index.html\/wp-json\/wp\/v2\/pages\/623\/revisions\/877"}],"wp:attachment":[{"href":"https:\/\/kiwi-kulturinitiative.de\/index.html\/wp-json\/wp\/v2\/media?parent=623"}],"curies":[{"name":"wp","href":"https:\/\/api.w.org\/{rel}","templated":true}]}}