{"id":49,"date":"2021-10-02T11:53:28","date_gmt":"2021-10-02T11:53:28","guid":{"rendered":"http:\/\/kiwi-kulturinitiative.de\/?page_id=49"},"modified":"2023-01-16T10:21:52","modified_gmt":"2023-01-16T10:21:52","slug":"datenschutzerklaerung","status":"publish","type":"page","link":"https:\/\/kiwi-kulturinitiative.de\/index.html\/datenschutzerklaerung\/","title":{"rendered":"Datenschutzerkl\u00e4rung\/Impressum"},"content":{"rendered":"\n<p class=\"has-larger-font-size wp-block-paragraph\"><strong>Datenschutzerkl\u00e4rung \/ Impressum<\/strong><\/p>\n\n\n\n<p class=\"wp-block-paragraph\">Grundlegendes<\/p>\n\n\n\n<p class=\"wp-block-paragraph\">Diese Datenschutzerkl\u00e4rung soll die Nutzer dieser Website \u00fcber die Art, den Umfang und den Zweck der Erhebung und Verwendung personenbezogener Daten durch den Websitebetreiber Kulturinitiative Klein-Winternheim e.V. informieren.<\/p>\n\n\n\n<p class=\"wp-block-paragraph\">Der Websitebetreiber nimmt Ihren Datenschutz sehr ernst und behandelt Ihre personenbezogenen Daten vertraulich und entsprechend der gesetzlichen Vorschriften. Da durch neue Technologien und die st\u00e4ndige Weiterentwicklung dieser Webseite \u00c4nderungen an dieser Datenschutzerkl\u00e4rung vorgenommen werden k\u00f6nnen, empfehlen wir Ihnen sich die Datenschutzerkl\u00e4rung in regelm\u00e4\u00dfigen Abst\u00e4nden wieder durchzulesen.<\/p>\n\n\n\n<p class=\"wp-block-paragraph\">Definitionen der verwendeten Begriffe (z.B. \u201epersonenbezogene Daten\u201d oder \u201eVerarbeitung\u201d) finden Sie in Art. 4 DSGVO.<\/p>\n\n\n\n<p class=\"wp-block-paragraph\">Zugriffsdaten<\/p>\n\n\n\n<p class=\"wp-block-paragraph\">Wir, der Websitebetreiber bzw. Seitenprovider, erheben aufgrund der gesetzlichen Lage (s. Art. 6 Abs. 1 lit. f. DSGVO) Daten \u00fcber Zugriffe auf die Website und speichern diese als \u201eServer-Logfiles\u201c auf dem Server der Website ab. Folgende Daten werden auf diese Weise protokolliert:<\/p>\n\n\n\n<p class=\"wp-block-paragraph\">Besuchte Website<br>Uhrzeit zum Zeitpunkt des Zugriffes<br>Menge der gesendeten Daten in Byte<br>Quelle\/Verweis, von welchem Sie auf die Seite gelangten<br>Verwendeter Browser<br>Verwendetes Betriebssystem<br>Verwendete IP-Adresse<\/p>\n\n\n\n<p class=\"wp-block-paragraph\">Weitere Daten werden von uns nicht erhoben:<br>Wir setzen KEINE COOKIES ein und verfolgen nicht Ihre weiteren Aktivit\u00e4ten im Internet.<\/p>\n\n\n\n<p class=\"wp-block-paragraph\">Wir speichern keine personenbezogenen Daten. Dazu LESEN WIR KEINE SICH AUF IHREM COMPUTER BEFINDLICHEN COOKIES aus.<\/p>\n\n\n\n<p class=\"wp-block-paragraph\">Anfallende oben genannte Daten, die innerhalb gesetzlicher Vorschriften von unserem Service-Provider innerhalb von &#8222;log-files&#8220; gespeichert werden, werden von uns IN KEINEM FALL WEITERGEGEBEN!<\/p>\n\n\n\n<p class=\"wp-block-paragraph\">L\u00f6schung von Daten<br>Sofern Ihr Wunsch nicht mit einer gesetzlichen Pflicht zur Aufbewahrung von Daten (z. B. Vorratsdatenspeicherung) kollidiert, haben Sie ein Anrecht auf L\u00f6schung Ihrer Daten. Von uns gespeicherte Daten werden, sollten sie f\u00fcr ihre Zweckbestimmung nicht mehr vonn\u00f6ten sein und es keine gesetzlichen Aufbewahrungsfristen geben, gel\u00f6scht. Falls eine L\u00f6schung nicht durchgef\u00fchrt werden kann, da die Daten f\u00fcr zul\u00e4ssige gesetzliche Zwecke erforderlich sind, erfolgt eine Einschr\u00e4nkung der Datenverarbeitung. In diesem Fall werden die Daten gesperrt und nicht f\u00fcr andere Zwecke verarbeitet.<\/p>\n\n\n\n<p class=\"wp-block-paragraph\">Widerspruchsrecht<br>Nutzer dieser Webseite k\u00f6nnen von ihrem Widerspruchsrecht Gebrauch machen und der Verarbeitung ihrer personenbezogenen Daten zu jeder Zeit widersprechen.<\/p>\n\n\n\n<p class=\"wp-block-paragraph\">Kontakt und Impressum:<\/p>\n\n\n\n<p class=\"wp-block-paragraph\">Angaben gem\u00e4\u00df \u00a7 5 TMG:<br>KiWi Kulturinitiative wird vertreten durch den Vorsitzenden<br>Volker Eckert<br>Hauptstr. 37<br>55270 Klein-Winternheim<br>Telefon: 06136  814625<br>info@kiwi-kulturinitiative.de<\/p>\n","protected":false},"excerpt":{"rendered":"<p>Datenschutzerkl\u00e4rung \/ Impressum Grundlegendes Diese Datenschutzerkl\u00e4rung soll die Nutzer dieser Website \u00fcber die Art, den Umfang und den Zweck der Erhebung und Verwendung personenbezogener Daten durch den Websitebetreiber Kulturinitiative Klein-Winternheim [&hellip;]<\/p>\n","protected":false},"author":1,"featured_media":0,"parent":0,"menu_order":0,"comment_status":"closed","ping_status":"closed","template":"","meta":{"_crdt_document":"","footnotes":""},"class_list":["post-49","page","type-page","status-publish","hentry","wpbf-post"],"_links":{"self":[{"href":"https:\/\/kiwi-kulturinitiative.de\/index.html\/wp-json\/wp\/v2\/pages\/49","targetHints":{"allow":["GET"]}}],"collection":[{"href":"https:\/\/kiwi-kulturinitiative.de\/index.html\/wp-json\/wp\/v2\/pages"}],"about":[{"href":"https:\/\/kiwi-kulturinitiative.de\/index.html\/wp-json\/wp\/v2\/types\/page"}],"author":[{"embeddable":true,"href":"https:\/\/kiwi-kulturinitiative.de\/index.html\/wp-json\/wp\/v2\/users\/1"}],"replies":[{"embeddable":true,"href":"https:\/\/kiwi-kulturinitiative.de\/index.html\/wp-json\/wp\/v2\/comments?post=49"}],"version-history":[{"count":5,"href":"https:\/\/kiwi-kulturinitiative.de\/index.html\/wp-json\/wp\/v2\/pages\/49\/revisions"}],"predecessor-version":[{"id":772,"href":"https:\/\/kiwi-kulturinitiative.de\/index.html\/wp-json\/wp\/v2\/pages\/49\/revisions\/772"}],"wp:attachment":[{"href":"https:\/\/kiwi-kulturinitiative.de\/index.html\/wp-json\/wp\/v2\/media?parent=49"}],"curies":[{"name":"wp","href":"https:\/\/api.w.org\/{rel}","templated":true}]}}