{"id":434,"date":"2022-04-08T10:02:10","date_gmt":"2022-04-08T10:02:10","guid":{"rendered":"https:\/\/kiwi-kulturinitiative.de\/index.html\/?page_id=434"},"modified":"2026-04-11T07:17:18","modified_gmt":"2026-04-11T07:17:18","slug":"jens-neumann","status":"publish","type":"page","link":"https:\/\/kiwi-kulturinitiative.de\/index.html\/jens-neumann\/","title":{"rendered":"Jens Neumann"},"content":{"rendered":"\n<figure class=\"wp-block-image size-full is-resized\"><img loading=\"lazy\" decoding=\"async\" width=\"1150\" height=\"766\" src=\"https:\/\/kiwi-kulturinitiative.de\/wp-content\/uploads\/2026\/04\/Gruen_Kastanie_edit-1.jpg\" alt=\"\" class=\"wp-image-2995\" style=\"width:691px;height:auto\" srcset=\"https:\/\/kiwi-kulturinitiative.de\/wp-content\/uploads\/2026\/04\/Gruen_Kastanie_edit-1.jpg 1150w, https:\/\/kiwi-kulturinitiative.de\/wp-content\/uploads\/2026\/04\/Gruen_Kastanie_edit-1-300x200.jpg 300w, https:\/\/kiwi-kulturinitiative.de\/wp-content\/uploads\/2026\/04\/Gruen_Kastanie_edit-1-767x511.jpg 767w, https:\/\/kiwi-kulturinitiative.de\/wp-content\/uploads\/2026\/04\/Gruen_Kastanie_edit-1-1024x682.jpg 1024w\" sizes=\"auto, (max-width: 1150px) 100vw, 1150px\" \/><\/figure>\n\n\n\n<p class=\"wp-block-paragraph\">Jens Neumann, *1986 in Wiesbaden &#8211; aufgewachsen in Klein-Winternheim ist seit \u00fcber zehn Jahren&nbsp;als Grafikdesigner, Art-Director und Fotograf t\u00e4tig.&nbsp;Seine Fotografie&nbsp;hat daher eine&nbsp;grafische&nbsp;Handschrift. Die Bildsprache ist dabei klar:&nbsp;Weniger ist mehr.&nbsp;Dies&nbsp;zeigten bereits Ausstellungen&nbsp;f\u00fcr KIWI&nbsp;in den Jahren 2022 und 2019<\/p>\n\n\n\n<p class=\"wp-block-paragraph\">Gr\u00fcn \u2013 die ambivalente Farbe<br>Die Farbe \u201eGr\u00fcn\u201c war schon immer eine ambivalente Farbe. Schaut man auf die positiven, wie negativen Assoziationen mit der Farbe \u201eGr\u00fcn\u201c so haben wir im positiven viele menschliche Sehns\u00fcchte wie die Natur, Leben, Wachstum sowie Hoffnung oder Erneuerung. Auf der anderen Seite haben wir negative Bedeutungen wie das gr\u00fcne Gift oder Gefahr, Gr\u00fcn vor Neid sein oder die unreife, noch gr\u00fcne Frucht.<br>Wenn man l\u00e4nger dar\u00fcber nachdenkt, stellt man fest: Das Leben ist gr\u00fcn \u2013 das Leben ist ambivalent. Wir haben Sehnsucht nach Wachstum, Erneuerung, Leben im Einklang mit der Natur und auf der anderen Seite macht uns diese Perspektive Angst. Was, wenn mein Wunsch nach mehr nat\u00fcrlichem Leben offenbart, das ich bisher immer im nicht im Einklang mit dieser gelebt habe?<br>Vielleicht verpasse ich aber auch gerade den richtigen Zeitpunkt, die f\u00fcr mich noch unreife Frucht, die gestern noch zu gr\u00fcn war, ist am n\u00e4chsten Tag matschig und braun geworden. Zu sp\u00e4t. H\u00e4tte ich doch nicht auf den richtigen Zeitpunkt gewartet.<br>In meiner Fotoserie setze ich mich mit \u201eGr\u00fcner Ambivalenz\u201c auseinander. Meine Fotos sollen keine konkreten Motive sein, sondern im Stil der \u201eNew Colour Photography\u201c. In dieser Bewegung der 70er-Jahre ging es nicht um komplexe Motive, sondern die Farbe die Bedeutung, Stimmung und Aussage des Bildes \u00fcbermittelt. Dabei kann das Motiv sehr banal oder minimalistisch sein.<\/p>\n\n\n\n<p class=\"wp-block-paragraph\">\u201eOne day baby, we\u2019ll be old\u2026 and think of all the stories that we could have told\u201c<br>Asaf Avidan<\/p>\n\n\n\n<p class=\"wp-block-paragraph\"><\/p>\n","protected":false},"excerpt":{"rendered":"<p>Jens Neumann, *1986 in Wiesbaden &#8211; aufgewachsen in Klein-Winternheim ist seit \u00fcber zehn Jahren&nbsp;als Grafikdesigner, Art-Director und Fotograf t\u00e4tig.&nbsp;Seine Fotografie&nbsp;hat daher eine&nbsp;grafische&nbsp;Handschrift. Die Bildsprache ist dabei klar:&nbsp;Weniger ist mehr.&nbsp;Dies&nbsp;zeigten bereits [&hellip;]<\/p>\n","protected":false},"author":1,"featured_media":0,"parent":0,"menu_order":0,"comment_status":"closed","ping_status":"closed","template":"","meta":{"_crdt_document":"{\"document\":\"AAAG167xgBo+NwgarEu2AQKGCIIBBAIBAgoBBUoAHgECCgJCSgC+CwECCgJCSgCmLAECCgJCSgCUAwECCgJCSgIAXSgDJwAEACcABACBAIQAgQCEACcAKAQnACgAJwAHACgDJwAoAScAKAQnAIcAKAMnAQQAKAAnAIcAKAMnAQQAKAAnAIcAKAMnAQQAKAAnAIcAKAMnAQQAKAAnACgBqPsqnipzdGF0ZXZlcnNpb25kb2N1bWVudGRhdGVkb2N1bWVudHNsdWdkb2N1bWVudHN0YXR1c2RvY3VtZW50dGl0bGVKZW5zIE5ldW1hbm5kb2N1bWVudGNvbnRlbnQ8IS0tIHdwOmltYWdlIHsiaWQiOjI5OTUsIndpZHRoIjoiNjkxcHgiLCJoZWlnaHQiOiJhdXRvIiwic2l6ZVNsdWciOiJmdWxsIiwibGlua0Rlc3RpbmF0aW9uIjoibm9uZSJ9IC0tPgo8ZmlndXJlIGNsYXNzPSJ3cC1ibG9jay1pbWFnZSBzaXplLWZ1bGwgaXMtcmVzaXplZCI+PGltZyBzcmM9Imh0dHBzOi8va2l3aS1rdWx0dXJpbml0aWF0aXZlLmRlL3dwLWNvbnRlbnQvdXBsb2Fkcy8yMDI2LzA0L0dydWVuX0thc3RhbmllX2VkaXQtMS5qcGciIGFsdD0iIiBjbGFzcz0id3AtaW1hZ2UtMjk5NSIgc3R5bGU9IndpZHRoOjY5MXB4O2hlaWdodDphdXRvIi8+PC9maWd1cmU+CjwhLS0gL3dwOmltYWdlIC0tPgoKPCEtLSB3cDpwYXJhZ3JhcGggLS0+CjxwPkplbnMgTmV1bWFubiwgKjE5ODYgaW4gV2llc2JhZGVuIC0gYXVmZ2V3YWNoc2VuIGluIEtsZWluLVdpbnRlcm5oZWltIGlzdCBzZWl0IMO8YmVyIHplaG4gSmFocmVuJm5ic3A7YWxzIEdyYWZpa2Rlc2lnbmVyLCBBcnQtRGlyZWN0b3IgdW5kIEZvdG9ncmFmIHTDpHRpZy4mbmJzcDtTZWluZSBGb3RvZ3JhZmllJm5ic3A7aGF0IGRhaGVyIGVpbmUmbmJzcDtncmFmaXNjaGUmbmJzcDtIYW5kc2NocmlmdC4gRGllIEJpbGRzcHJhY2hlIGlzdCBkYWJlaSBrbGFyOiZuYnNwO1dlbmlnZXIgaXN0IG1laHIuJm5ic3A7RGllcyZuYnNwO3plaWd0ZW4gYmVyZWl0cyBBdXNzdGVsbHVuZ2VuJm5ic3A7ZsO8ciBLSVdJJm5ic3A7aW4gZGVuIEphaHJlbiAyMDIyIHVuZCAyMDE5PC9wPgo8IS0tIC93cDpwYXJhZ3JhcGggLS0+Cgo8IS0tIHdwOnBhcmFncmFwaCAtLT4KPHA+R3LDvG4g4oCTIGRpZSBhbWJpdmFsZW50ZSBGYXJiZTxicj5EaWUgRmFyYmUg4oCeR3LDvG7igJwgd2FyIHNjaG9uIGltbWVyIGVpbmUgYW1iaXZhbGVudGUgRmFyYmUuIFNjaGF1dCBtYW4gYXVmIGRpZSBwb3NpdGl2ZW4sIHdpZSBuZWdhdGl2ZW4gQXNzb3ppYXRpb25lbiBtaXQgZGVyIEZhcmJlIOKAnkdyw7xu4oCcIHNvIGhhYmVuIHdpciBpbSBwb3NpdGl2ZW4gdmllbGUgbWVuc2NobGljaGUgU2VobnPDvGNodGUgd2llIGRpZSBOYXR1ciwgTGViZW4sIFdhY2hzdHVtIHNvd2llIEhvZmZudW5nIG9kZXIgRXJuZXVlcnVuZy4gQXVmIGRlciBhbmRlcmVuIFNlaXRlIGhhYmVuIHdpciBuZWdhdGl2ZSBCZWRldXR1bmdlbiB3aWUgZGFzIGdyw7xuZSBHaWZ0IG9kZXIgR2VmYWhyLCBHcsO8biB2b3IgTmVpZCBzZWluIG9kZXIgZGllIHVucmVpZmUsIG5vY2ggZ3LDvG5lIEZydWNodC48YnI+V2VubiBtYW4gbMOkbmdlciBkYXLDvGJlciBuYWNoZGVua3QsIHN0ZWxsdCBtYW4gZmVzdDogRGFzIExlYmVuIGlzdCBncsO8biDigJMgZGFzIExlYmVuIGlzdCBhbWJpdmFsZW50LiBXaXIgaGFiZW4gU2VobnN1Y2h0IG5hY2ggV2FjaHN0dW0sIEVybmV1ZXJ1bmcsIExlYmVuIGltIEVpbmtsYW5nIG1pdCBkZXIgTmF0dXIgdW5kIGF1ZiBkZXIgYW5kZXJlbiBTZWl0ZSBtYWNodCB1bnMgZGllc2UgUGVyc3Bla3RpdmUgQW5nc3QuIFdhcywgd2VubiBtZWluIFd1bnNjaCBuYWNoIG1laHIgbmF0w7xybGljaGVtIExlYmVuIG9mZmVuYmFydCwgZGFzIGljaCBiaXNoZXIgaW1tZXIgaW0gbmljaHQgaW0gRWlua2xhbmcgbWl0IGRpZXNlciBnZWxlYnQgaGFiZT88YnI+VmllbGxlaWNodCB2ZXJwYXNzZSBpY2ggYWJlciBhdWNoIGdlcmFkZSBkZW4gcmljaHRpZ2VuIFplaXRwdW5rdCwgZGllIGbDvHIgbWljaCBub2NoIHVucmVpZmUgRnJ1Y2h0LCBkaWUgZ2VzdGVybiBub2NoIHp1IGdyw7xuIHdhciwgaXN0IGFtIG7DpGNoc3RlbiBUYWcgbWF0c2NoaWcgdW5kIGJyYXVuIGdld29yZGVuLiBadSBzcMOkdC4gSMOkdHRlIGljaCBkb2NoIG5pY2h0IGF1ZiBkZW4gcmljaHRpZ2VuIFplaXRwdW5rdCBnZXdhcnRldC48YnI+SW4gbWVpbmVyIEZvdG9zZXJpZSBzZXR6ZSBpY2ggbWljaCBtaXQg4oCeR3LDvG5lciBBbWJpdmFsZW564oCcIGF1c2VpbmFuZGVyLiBNZWluZSBGb3RvcyBzb2xsZW4ga2VpbmUga29ua3JldGVuIE1vdGl2ZSBzZWluLCBzb25kZXJuIGltIFN0aWwgZGVyIOKAnk5ldyBDb2xvdXIgUGhvdG9ncmFwaHnigJwuIEluIGRpZXNlciBCZXdlZ3VuZyBkZXIgNzBlci1KYWhyZSBnaW5nIGVzIG5pY2h0IHVtIGtvbXBsZXhlIE1vdGl2ZSwgc29uZGVybiBkaWUgRmFyYmUgZGllIEJlZGV1dHVuZywgU3RpbW11bmcgdW5kIEF1c3NhZ2UgZGVzIEJpbGRlcyDDvGJlcm1pdHRlbHQuIERhYmVpIGthbm4gZGFzIE1vdGl2IHNlaHIgYmFuYWwgb2RlciBtaW5pbWFsaXN0aXNjaCBzZWluLjwvcD4KPCEtLSAvd3A6cGFyYWdyYXBoIC0tPgoKPCEtLSB3cDpwYXJhZ3JhcGggLS0+CjxwPuKAnk9uZSBkYXkgYmFieSwgd2XigJlsbCBiZSBvbGTigKYgYW5kIHRoaW5rIG9mIGFsbCB0aGUgc3RvcmllcyB0aGF0IHdlIGNvdWxkIGhhdmUgdG9sZOKAnDxicj5Bc2FmIEF2aWRhbjwvcD4KPCEtLSAvd3A6cGFyYWdyYXBoIC0tPgoKPCEtLSB3cDpwYXJhZ3JhcGggLS0+CjxwPjwvcD4KPCEtLSAvd3A6cGFyYWdyYXBoIC0tPmRvY3VtZW50ZXhjZXJwdGRvY3VtZW50YXV0aG9yZG9jdW1lbnRmZWF0dXJlZF9tZWRpYWRvY3VtZW50Y29tbWVudF9zdGF0dXNkb2N1bWVudHBpbmdfc3RhdHVzZG9jdW1lbnR0ZW1wbGF0ZWRvY3VtZW50bWV0YWZvb3Rub3Rlc2RvY3VtZW50YmxvY2tzY2xpZW50SWRpc1ZhbGlkb3JpZ2luYWxDb250ZW50bmFtZWF0dHJpYnV0ZXN1cmxhbHRjYXB0aW9uaWR3aWR0aGhlaWdodHNpemVTbHVnbGlua0Rlc3RpbmF0aW9uaW5uZXJCbG9ja3NjbGllbnRJZGlzVmFsaWRvcmlnaW5hbENvbnRlbnRuYW1lYXR0cmlidXRlc2NvbnRlbnRKZW5zIE5ldW1hbm4sICoxOTg2IGluIFdpZXNiYWRlbiAtIGF1Zmdld2FjaHNlbiBpbiBLbGVpbi1XaW50ZXJuaGVpbSBpc3Qgc2VpdCDDvGJlciB6ZWhuIEphaHJlbiZuYnNwO2FscyBHcmFmaWtkZXNpZ25lciwgQXJ0LURpcmVjdG9yIHVuZCBGb3RvZ3JhZiB0w6R0aWcuJm5ic3A7U2VpbmUgRm90b2dyYWZpZSZuYnNwO2hhdCBkYWhlciBlaW5lJm5ic3A7Z3JhZmlzY2hlJm5ic3A7SGFuZHNjaHJpZnQuIERpZSBCaWxkc3ByYWNoZSBpc3QgZGFiZWkga2xhcjombmJzcDtXZW5pZ2VyIGlzdCBtZWhyLiZuYnNwO0RpZXMmbmJzcDt6ZWlndGVuIGJlcmVpdHMgQXVzc3RlbGx1bmdlbiZuYnNwO2bDvHIgS0lXSSZuYnNwO2luIGRlbiBKYWhyZW4gMjAyMiB1bmQgMjAxOWRyb3BDYXBpbm5lckJsb2Nrc2NsaWVudElkaXNWYWxpZG9yaWdpbmFsQ29udGVudG5hbWVhdHRyaWJ1dGVzY29udGVudEdyw7xuIOKAkyBkaWUgYW1iaXZhbGVudGUgRmFyYmU8YnI+RGllIEZhcmJlIOKAnkdyw7xu4oCcIHdhciBzY2hvbiBpbW1lciBlaW5lIGFtYml2YWxlbnRlIEZhcmJlLiBTY2hhdXQgbWFuIGF1ZiBkaWUgcG9zaXRpdmVuLCB3aWUgbmVnYXRpdmVuIEFzc296aWF0aW9uZW4gbWl0IGRlciBGYXJiZSDigJ5HcsO8buKAnCBzbyBoYWJlbiB3aXIgaW0gcG9zaXRpdmVuIHZpZWxlIG1lbnNjaGxpY2hlIFNlaG5zw7xjaHRlIHdpZSBkaWUgTmF0dXIsIExlYmVuLCBXYWNoc3R1bSBzb3dpZSBIb2ZmbnVuZyBvZGVyIEVybmV1ZXJ1bmcuIEF1ZiBkZXIgYW5kZXJlbiBTZWl0ZSBoYWJlbiB3aXIgbmVnYXRpdmUgQmVkZXV0dW5nZW4gd2llIGRhcyBncsO8bmUgR2lmdCBvZGVyIEdlZmFociwgR3LDvG4gdm9yIE5laWQgc2VpbiBvZGVyIGRpZSB1bnJlaWZlLCBub2NoIGdyw7xuZSBGcnVjaHQuPGJyPldlbm4gbWFuIGzDpG5nZXIgZGFyw7xiZXIgbmFjaGRlbmt0LCBzdGVsbHQgbWFuIGZlc3Q6IERhcyBMZWJlbiBpc3QgZ3LDvG4g4oCTIGRhcyBMZWJlbiBpc3QgYW1iaXZhbGVudC4gV2lyIGhhYmVuIFNlaG5zdWNodCBuYWNoIFdhY2hzdHVtLCBFcm5ldWVydW5nLCBMZWJlbiBpbSBFaW5rbGFuZyBtaXQgZGVyIE5hdHVyIHVuZCBhdWYgZGVyIGFuZGVyZW4gU2VpdGUgbWFjaHQgdW5zIGRpZXNlIFBlcnNwZWt0aXZlIEFuZ3N0LiBXYXMsIHdlbm4gbWVpbiBXdW5zY2ggbmFjaCBtZWhyIG5hdMO8cmxpY2hlbSBMZWJlbiBvZmZlbmJhcnQsIGRhcyBpY2ggYmlzaGVyIGltbWVyIGltIG5pY2h0IGltIEVpbmtsYW5nIG1pdCBkaWVzZXIgZ2VsZWJ0IGhhYmU\/PGJyPlZpZWxsZWljaHQgdmVycGFzc2UgaWNoIGFiZXIgYXVjaCBnZXJhZGUgZGVuIHJpY2h0aWdlbiBaZWl0cHVua3QsIGRpZSBmw7xyIG1pY2ggbm9jaCB1bnJlaWZlIEZydWNodCwgZGllIGdlc3Rlcm4gbm9jaCB6dSBncsO8biB3YXIsIGlzdCBhbSBuw6RjaHN0ZW4gVGFnIG1hdHNjaGlnIHVuZCBicmF1biBnZXdvcmRlbi4gWnUgc3DDpHQuIEjDpHR0ZSBpY2ggZG9jaCBuaWNodCBhdWYgZGVuIHJpY2h0aWdlbiBaZWl0cHVua3QgZ2V3YXJ0ZXQuPGJyPkluIG1laW5lciBGb3Rvc2VyaWUgc2V0emUgaWNoIG1pY2ggbWl0IOKAnkdyw7xuZXIgQW1iaXZhbGVueuKAnCBhdXNlaW5hbmRlci4gTWVpbmUgRm90b3Mgc29sbGVuIGtlaW5lIGtvbmtyZXRlbiBNb3RpdmUgc2Vpbiwgc29uZGVybiBpbSBTdGlsIGRlciDigJ5OZXcgQ29sb3VyIFBob3RvZ3JhcGh54oCcLiBJbiBkaWVzZXIgQmV3ZWd1bmcgZGVyIDcwZXItSmFocmUgZ2luZyBlcyBuaWNodCB1bSBrb21wbGV4ZSBNb3RpdmUsIHNvbmRlcm4gZGllIEZhcmJlIGRpZSBCZWRldXR1bmcsIFN0aW1tdW5nIHVuZCBBdXNzYWdlIGRlcyBCaWxkZXMgw7xiZXJtaXR0ZWx0LiBEYWJlaSBrYW5uIGRhcyBNb3RpdiBzZWhyIGJhbmFsIG9kZXIgbWluaW1hbGlzdGlzY2ggc2Vpbi5kcm9wQ2FwaW5uZXJCbG9ja3NjbGllbnRJZGlzVmFsaWRvcmlnaW5hbENvbnRlbnRuYW1lYXR0cmlidXRlc2NvbnRlbnTigJ5PbmUgZGF5IGJhYnksIHdl4oCZbGwgYmUgb2xk4oCmIGFuZCB0aGluayBvZiBhbGwgdGhlIHN0b3JpZXMgdGhhdCB3ZSBjb3VsZCBoYXZlIHRvbGTigJw8YnI+QXNhZiBBdmlkYW5kcm9wQ2FwaW5uZXJCbG9ja3NjbGllbnRJZGlzVmFsaWRvcmlnaW5hbENvbnRlbnRuYW1lYXR0cmlidXRlc2NvbnRlbnREaWUgQXVzc2FnZSBibGVpYnQgZGllc2VsYmUsIGVnYWwgd2VsY2hlIFZlcnNpb24gZHUgbWVpbnN0Ojxicj7igKIgRXMgZ2VodCB1bSBWZXJnw6RuZ2xpY2hrZWl0IHVuZCBaZWl0PGJyPuKAoiB1bSBkaWUgQW5nc3QsIERpbmdlIG5pY2h0IGVybGVidCB6dSBoYWJlbjxicj7igKIgdW5kIHVtIGVpbiBtw7ZnbGljaGVzIHNww6R0ZXJlcyBCZXJldWVuPGJyPvCfkYkgQWxzbyBlaW5lIHppZW1saWNoIGFtYml2YWxlbnRlIFN0aW1tdW5nOjxicj7igKIgbWVsYW5jaG9saXNjaCAodmVycGFzc3RlIENoYW5jZW4pPGJyPuKAoiBhYmVyIGF1Y2ggZWluIEF1ZnJ1ZiwgamV0enQgenUgbGViZW5kcm9wQ2FwaW5uZXJCbG9ja3NzdGF0ZXNhdmVkQXRzdGF0ZXNhdmVkQnkFBwgECAQIBggFDAgHtiUBGggHCAYIDggOCAtIAQQJCAYIBw8ECkMABwIFBggPCwgHDwQKB7YFBwsIBw8ECgeKFgcLCAcPBAoHoQEHCwgHDwQKB74EBwsFBwUHEQEEAAABAAAAAQYAAAEAADIBGEIBAQBBAAIAQQACAEEAAgBBAAIAQQACAAdBAjuDBEEmAU8AfQF3EzIwMjItMDQtMDhUMTA6MDI6MTB3DGplbnMtbmV1bWFubncHcHVibGlzaH0BfQB3BmNsb3NlZHcGY2xvc2VkdwB3AHckM2M0YzEzY2ItZmY5Yy00ZDU5LWE1YzQtNDQxMDdlNWQ1NjFheHfcATxmaWd1cmUgY2xhc3M9IndwLWJsb2NrLWltYWdlIHNpemUtZnVsbCBpcy1yZXNpemVkIj48aW1nIHNyYz0iaHR0cHM6Ly9raXdpLWt1bHR1cmluaXRpYXRpdmUuZGUvd3AtY29udGVudC91cGxvYWRzLzIwMjYvMDQvR3J1ZW5fS2FzdGFuaWVfZWRpdC0xLmpwZyIgYWx0PSIiIGNsYXNzPSJ3cC1pbWFnZS0yOTk1IiBzdHlsZT0id2lkdGg6NjkxcHg7aGVpZ2h0OmF1dG8iLz48L2ZpZ3VyZT53CmNvcmUvaW1hZ2V3VWh0dHBzOi8va2l3aS1rdWx0dXJpbml0aWF0aXZlLmRlL3dwLWNvbnRlbnQvdXBsb2Fkcy8yMDI2LzA0L0dydWVuX0thc3RhbmllX2VkaXQtMS5qcGd3AH2zLncFNjkxcHh3BGF1dG93BGZ1bGx3BG5vbmV3JDg4YjBlNTViLWUxZmQtNGZkYS04YWQzLWVlNDdlN2M4OTY5MHh3gAM8cD5KZW5zIE5ldW1hbm4sICoxOTg2IGluIFdpZXNiYWRlbiAtIGF1Zmdld2FjaHNlbiBpbiBLbGVpbi1XaW50ZXJuaGVpbSBpc3Qgc2VpdCDDvGJlciB6ZWhuIEphaHJlbiZuYnNwO2FscyBHcmFmaWtkZXNpZ25lciwgQXJ0LURpcmVjdG9yIHVuZCBGb3RvZ3JhZiB0w6R0aWcuJm5ic3A7U2VpbmUgRm90b2dyYWZpZSZuYnNwO2hhdCBkYWhlciBlaW5lJm5ic3A7Z3JhZmlzY2hlJm5ic3A7SGFuZHNjaHJpZnQuIERpZSBCaWxkc3ByYWNoZSBpc3QgZGFiZWkga2xhcjombmJzcDtXZW5pZ2VyIGlzdCBtZWhyLiZuYnNwO0RpZXMmbmJzcDt6ZWlndGVuIGJlcmVpdHMgQXVzc3RlbGx1bmdlbiZuYnNwO2bDvHIgS0lXSSZuYnNwO2luIGRlbiBKYWhyZW4gMjAyMiB1bmQgMjAxOTwvcD53DmNvcmUvcGFyYWdyYXBoeXckZDA4ZTI0MzUtZWM5Ny00NWJmLWJlNzYtZTJjZmU0NzY3YWQxeHe3CzxwPkdyw7xuIOKAkyBkaWUgYW1iaXZhbGVudGUgRmFyYmU8YnI+RGllIEZhcmJlIOKAnkdyw7xu4oCcIHdhciBzY2hvbiBpbW1lciBlaW5lIGFtYml2YWxlbnRlIEZhcmJlLiBTY2hhdXQgbWFuIGF1ZiBkaWUgcG9zaXRpdmVuLCB3aWUgbmVnYXRpdmVuIEFzc296aWF0aW9uZW4gbWl0IGRlciBGYXJiZSDigJ5HcsO8buKAnCBzbyBoYWJlbiB3aXIgaW0gcG9zaXRpdmVuIHZpZWxlIG1lbnNjaGxpY2hlIFNlaG5zw7xjaHRlIHdpZSBkaWUgTmF0dXIsIExlYmVuLCBXYWNoc3R1bSBzb3dpZSBIb2ZmbnVuZyBvZGVyIEVybmV1ZXJ1bmcuIEF1ZiBkZXIgYW5kZXJlbiBTZWl0ZSBoYWJlbiB3aXIgbmVnYXRpdmUgQmVkZXV0dW5nZW4gd2llIGRhcyBncsO8bmUgR2lmdCBvZGVyIEdlZmFociwgR3LDvG4gdm9yIE5laWQgc2VpbiBvZGVyIGRpZSB1bnJlaWZlLCBub2NoIGdyw7xuZSBGcnVjaHQuPGJyPldlbm4gbWFuIGzDpG5nZXIgZGFyw7xiZXIgbmFjaGRlbmt0LCBzdGVsbHQgbWFuIGZlc3Q6IERhcyBMZWJlbiBpc3QgZ3LDvG4g4oCTIGRhcyBMZWJlbiBpc3QgYW1iaXZhbGVudC4gV2lyIGhhYmVuIFNlaG5zdWNodCBuYWNoIFdhY2hzdHVtLCBFcm5ldWVydW5nLCBMZWJlbiBpbSBFaW5rbGFuZyBtaXQgZGVyIE5hdHVyIHVuZCBhdWYgZGVyIGFuZGVyZW4gU2VpdGUgbWFjaHQgdW5zIGRpZXNlIFBlcnNwZWt0aXZlIEFuZ3N0LiBXYXMsIHdlbm4gbWVpbiBXdW5zY2ggbmFjaCBtZWhyIG5hdMO8cmxpY2hlbSBMZWJlbiBvZmZlbmJhcnQsIGRhcyBpY2ggYmlzaGVyIGltbWVyIGltIG5pY2h0IGltIEVpbmtsYW5nIG1pdCBkaWVzZXIgZ2VsZWJ0IGhhYmU\/PGJyPlZpZWxsZWljaHQgdmVycGFzc2UgaWNoIGFiZXIgYXVjaCBnZXJhZGUgZGVuIHJpY2h0aWdlbiBaZWl0cHVua3QsIGRpZSBmw7xyIG1pY2ggbm9jaCB1bnJlaWZlIEZydWNodCwgZGllIGdlc3Rlcm4gbm9jaCB6dSBncsO8biB3YXIsIGlzdCBhbSBuw6RjaHN0ZW4gVGFnIG1hdHNjaGlnIHVuZCBicmF1biBnZXdvcmRlbi4gWnUgc3DDpHQuIEjDpHR0ZSBpY2ggZG9jaCBuaWNodCBhdWYgZGVuIHJpY2h0aWdlbiBaZWl0cHVua3QgZ2V3YXJ0ZXQuPGJyPkluIG1laW5lciBGb3Rvc2VyaWUgc2V0emUgaWNoIG1pY2ggbWl0IOKAnkdyw7xuZXIgQW1iaXZhbGVueuKAnCBhdXNlaW5hbmRlci4gTWVpbmUgRm90b3Mgc29sbGVuIGtlaW5lIGtvbmtyZXRlbiBNb3RpdmUgc2Vpbiwgc29uZGVybiBpbSBTdGlsIGRlciDigJ5OZXcgQ29sb3VyIFBob3RvZ3JhcGh54oCcLiBJbiBkaWVzZXIgQmV3ZWd1bmcgZGVyIDcwZXItSmFocmUgZ2luZyBlcyBuaWNodCB1bSBrb21wbGV4ZSBNb3RpdmUsIHNvbmRlcm4gZGllIEZhcmJlIGRpZSBCZWRldXR1bmcsIFN0aW1tdW5nIHVuZCBBdXNzYWdlIGRlcyBCaWxkZXMgw7xiZXJtaXR0ZWx0LiBEYWJlaSBrYW5uIGRhcyBNb3RpdiBzZWhyIGJhbmFsIG9kZXIgbWluaW1hbGlzdGlzY2ggc2Vpbi48L3A+dw5jb3JlL3BhcmFncmFwaHl3JDhiMDMzM2Q5LTcyOTYtNGE0Yi1hMDA1LTBiOGE0Y2ZjMzNjM3h3cDxwPuKAnk9uZSBkYXkgYmFieSwgd2XigJlsbCBiZSBvbGTigKYgYW5kIHRoaW5rIG9mIGFsbCB0aGUgc3RvcmllcyB0aGF0IHdlIGNvdWxkIGhhdmUgdG9sZOKAnDxicj5Bc2FmIEF2aWRhbjwvcD53DmNvcmUvcGFyYWdyYXBoeXckOTY4MGE5OWYtMWRiZS00NTcyLTg3MWUtZGUzMjg5ZWNhODA4eHfUAjxwPkRpZSBBdXNzYWdlIGJsZWlidCBkaWVzZWxiZSwgZWdhbCB3ZWxjaGUgVmVyc2lvbiBkdSBtZWluc3Q6PGJyPuKAoiBFcyBnZWh0IHVtIFZlcmfDpG5nbGljaGtlaXQgdW5kIFplaXQ8YnI+4oCiIHVtIGRpZSBBbmdzdCwgRGluZ2UgbmljaHQgZXJsZWJ0IHp1IGhhYmVuPGJyPuKAoiB1bmQgdW0gZWluIG3DtmdsaWNoZXMgc3DDpHRlcmVzIEJlcmV1ZW48YnI+8J+RiSBBbHNvIGVpbmUgemllbWxpY2ggYW1iaXZhbGVudGUgU3RpbW11bmc6PGJyPuKAoiBtZWxhbmNob2xpc2NoICh2ZXJwYXNzdGUgQ2hhbmNlbik8YnI+4oCiIGFiZXIgYXVjaCBlaW4gQXVmcnVmLCBqZXR6dCB6dSBsZWJlbjwvcD53DmNvcmUvcGFyYWdyYXBoeXtCede2bHvwAHtB6gHFcuAAAHckOWQyYTE4NzAtN2MyNi00MmEwLWFiNTYtNWM5NGJkOGQ0Y2Y1AZfXuIANBIgTOgGCAq8PAAW9Ag==\",\"updateId\":637079101}","footnotes":""},"class_list":["post-434","page","type-page","status-publish","hentry","wpbf-post"],"_links":{"self":[{"href":"https:\/\/kiwi-kulturinitiative.de\/index.html\/wp-json\/wp\/v2\/pages\/434","targetHints":{"allow":["GET"]}}],"collection":[{"href":"https:\/\/kiwi-kulturinitiative.de\/index.html\/wp-json\/wp\/v2\/pages"}],"about":[{"href":"https:\/\/kiwi-kulturinitiative.de\/index.html\/wp-json\/wp\/v2\/types\/page"}],"author":[{"embeddable":true,"href":"https:\/\/kiwi-kulturinitiative.de\/index.html\/wp-json\/wp\/v2\/users\/1"}],"replies":[{"embeddable":true,"href":"https:\/\/kiwi-kulturinitiative.de\/index.html\/wp-json\/wp\/v2\/comments?post=434"}],"version-history":[{"count":11,"href":"https:\/\/kiwi-kulturinitiative.de\/index.html\/wp-json\/wp\/v2\/pages\/434\/revisions"}],"predecessor-version":[{"id":3006,"href":"https:\/\/kiwi-kulturinitiative.de\/index.html\/wp-json\/wp\/v2\/pages\/434\/revisions\/3006"}],"wp:attachment":[{"href":"https:\/\/kiwi-kulturinitiative.de\/index.html\/wp-json\/wp\/v2\/media?parent=434"}],"curies":[{"name":"wp","href":"https:\/\/api.w.org\/{rel}","templated":true}]}}