{"id":2574,"date":"2025-12-05T17:00:33","date_gmt":"2025-12-05T17:00:33","guid":{"rendered":"https:\/\/kiwi-kulturinitiative.de\/index.html\/?page_id=2574"},"modified":"2025-12-09T10:57:09","modified_gmt":"2025-12-09T10:57:09","slug":"klassik-im-rathaus-trio-animado","status":"publish","type":"page","link":"https:\/\/kiwi-kulturinitiative.de\/index.html\/klassik-im-rathaus-trio-animado\/","title":{"rendered":"Klassik im Rathaus Trio Animado"},"content":{"rendered":"\n<p class=\"has-text-color has-larger-font-size wp-block-paragraph\" style=\"color:#4f0c7b\"><strong>Klassik &amp; Tango Nuevo  im Rathaus<\/strong><\/p>\n\n\n\n<p class=\"has-larger-font-size wp-block-paragraph\"><strong>mit TRIO ANIMADO<\/strong><\/p>\n\n\n\n<p class=\"wp-block-paragraph\" style=\"font-size:24px\"><strong>Klangwelten im Dialog \u2013 Tango Nuevo und franz\u00f6sische Kammermusik<\/strong><\/p>\n\n\n\n<p class=\"wp-block-paragraph\" style=\"font-size:19px\"><strong>Sonntag, den 17. Januar 2027 17:00<\/strong> <strong>h<\/strong><br><strong><br>Konzertkarten: noch nicht verf\u00fcgbar<\/strong><\/p>\n\n\n\n<p class=\"wp-block-paragraph\"><em>Trio Animado <\/em>pr\u00e4sentiert in diesem Konzert eine interessante Gegen\u00fcberstellung: Die Werke des argentinischen Komponisten Astor Piazzolla, die leidenschaftlichen Ausdruck mit wundersch\u00f6nen Melodien verbinden, treffen auf die farb- und facettenreichen Kompositionen Ravels und seiner franz\u00f6sischen Zeitgenossen. Anregende Moderationen runden das Programm ab.<\/p>\n\n\n\n<p class=\"wp-block-paragraph\" style=\"font-size:16px\">Anne Hof (Violine), Barbara Marsch (Violoncello) und Irene Brewi-Grote (Klavier)<em> <\/em>\u00fcberzeugen mit einem farbenreichen Klangspektrum und laden zu einem Konzert voller Abwechslung und Inspiration ein.<\/p>\n\n\n\n<figure class=\"wp-block-image size-full\"><img loading=\"lazy\" decoding=\"async\" width=\"677\" height=\"800\" src=\"https:\/\/kiwi-kulturinitiative.de\/wp-content\/uploads\/2025\/12\/Trio_Animado_2401_online.jpg\" alt=\"\" class=\"wp-image-2575\" srcset=\"https:\/\/kiwi-kulturinitiative.de\/wp-content\/uploads\/2025\/12\/Trio_Animado_2401_online.jpg 677w, https:\/\/kiwi-kulturinitiative.de\/wp-content\/uploads\/2025\/12\/Trio_Animado_2401_online-254x300.jpg 254w\" sizes=\"auto, (max-width: 677px) 100vw, 677px\" \/><\/figure>\n","protected":false},"excerpt":{"rendered":"<p>Klassik &amp; Tango Nuevo im Rathaus mit TRIO ANIMADO Klangwelten im Dialog \u2013 Tango Nuevo und franz\u00f6sische Kammermusik Sonntag, den 17. Januar 2027 17:00 hKonzertkarten: noch nicht verf\u00fcgbar Trio Animado [&hellip;]<\/p>\n","protected":false},"author":1,"featured_media":0,"parent":0,"menu_order":0,"comment_status":"closed","ping_status":"closed","template":"","meta":{"_crdt_document":"","footnotes":""},"class_list":["post-2574","page","type-page","status-publish","hentry","wpbf-post"],"_links":{"self":[{"href":"https:\/\/kiwi-kulturinitiative.de\/index.html\/wp-json\/wp\/v2\/pages\/2574","targetHints":{"allow":["GET"]}}],"collection":[{"href":"https:\/\/kiwi-kulturinitiative.de\/index.html\/wp-json\/wp\/v2\/pages"}],"about":[{"href":"https:\/\/kiwi-kulturinitiative.de\/index.html\/wp-json\/wp\/v2\/types\/page"}],"author":[{"embeddable":true,"href":"https:\/\/kiwi-kulturinitiative.de\/index.html\/wp-json\/wp\/v2\/users\/1"}],"replies":[{"embeddable":true,"href":"https:\/\/kiwi-kulturinitiative.de\/index.html\/wp-json\/wp\/v2\/comments?post=2574"}],"version-history":[{"count":2,"href":"https:\/\/kiwi-kulturinitiative.de\/index.html\/wp-json\/wp\/v2\/pages\/2574\/revisions"}],"predecessor-version":[{"id":2585,"href":"https:\/\/kiwi-kulturinitiative.de\/index.html\/wp-json\/wp\/v2\/pages\/2574\/revisions\/2585"}],"wp:attachment":[{"href":"https:\/\/kiwi-kulturinitiative.de\/index.html\/wp-json\/wp\/v2\/media?parent=2574"}],"curies":[{"name":"wp","href":"https:\/\/api.w.org\/{rel}","templated":true}]}}