{"id":2481,"date":"2025-10-27T17:11:50","date_gmt":"2025-10-27T17:11:50","guid":{"rendered":"https:\/\/kiwi-kulturinitiative.de\/index.html\/?page_id=2481"},"modified":"2026-02-13T08:09:53","modified_gmt":"2026-02-13T08:09:53","slug":"kunstausstellung-2026","status":"publish","type":"page","link":"https:\/\/kiwi-kulturinitiative.de\/index.html\/kunstausstellung-2026\/","title":{"rendered":"Kunstausstellung 2026 in der St. Andreas-Kirche"},"content":{"rendered":"\n<p class=\"has-larger-font-size wp-block-paragraph\"><strong>Kunstausstellung 2026 in der St. Andreas-Kirche<\/strong><br><strong>Thema:<\/strong> <strong>\u201eVon der Erde zum Himmel\u201c<\/strong><\/p>\n\n\n\n<p class=\"wp-block-paragraph\"><strong>in der<\/strong>&nbsp;<strong>Katholischen Kirche St. Andreas, Klein-Winternheim<\/strong><br><strong>als Beitrag von KiWi zum Jubil\u00e4umsjahr \u201e125 Jahre St. Andreas\u201c<\/strong><br><strong><br>Veranstaltung zur Ausstellungser\u00f6ffnung<\/strong> <strong>mit musikalischer Begleitung:<\/strong><br><strong>Vernissage&nbsp;am Sonntag, 22. Februar 2026 \u2013 17:00 h<\/strong><\/p>\n\n\n\n<p class=\"wp-block-paragraph\"><strong>anschlie\u00dfend tags\u00fcber ge\u00f6ffnet, t\u00e4glich bis zum Sonntag, 8. M\u00e4rz 2026<br><\/strong><br><strong>Finissage mit Bilder-Versteigerung am Sonntag, den 8. M\u00e4rz 2026 \u2013 17:00 h<\/strong><\/p>\n\n\n\n<p class=\"wp-block-paragraph\">Jede K\u00fcnstlerin, jeder K\u00fcnstler stellt 2 Bilder aus, wovon jeweils 1 Bild gespendet wird f\u00fcr die genannte Versteigerung.<br><strong>Den Erl\u00f6s erh\u00e4lt das <\/strong><a href=\"https:\/\/www.caritas-mainz.de\/spende-engagement\/sie-haben-zeit\/projekt-leben-teilen-brotkorb-in-nieder-olm\"><strong>Projekt &#8222;Leben teilen&#8220; Brotkorb in Nieder-Olm<\/strong><\/a>.<\/p>\n\n\n\n<p class=\"has-larger-font-size wp-block-paragraph\"><strong>Das sind die K\u00fcnstler*innen<\/strong><\/p>\n\n\n\n<p class=\"wp-block-paragraph\"><strong><a href=\"https:\/\/kiwi-kulturinitiative.de\/index.html\/anja-awolin\/\">Anja Awolin<\/a><\/strong><br><br><strong><a href=\"https:\/\/kiwi-kulturinitiative.de\/index.html\/vera-beyer\/\">Vera Beyer<\/a><\/strong><\/p>\n\n\n\n<p class=\"wp-block-paragraph\"><strong><a href=\"https:\/\/kiwi-kulturinitiative.de\/index.html\/karin-boepple\/\">Karin B\u00f6pple<\/a><\/strong><\/p>\n\n\n\n<p class=\"wp-block-paragraph\"><strong><a href=\"https:\/\/kiwi-kulturinitiative.de\/index.html\/volker-eckert-malerei\/\">Volker Eckert<\/a><\/strong><\/p>\n\n\n\n<p class=\"wp-block-paragraph\"><strong><a href=\"https:\/\/kiwi-kulturinitiative.de\/index.html\/doris-eylert-2\/\">Doris Eylert<\/a><\/strong><\/p>\n\n\n\n<p class=\"wp-block-paragraph\"><strong><a href=\"https:\/\/kiwi-kulturinitiative.de\/index.html\/sieglinde-nordmann-2\/\">Sieglinde Nordmann<\/a><\/strong><\/p>\n\n\n\n<p class=\"wp-block-paragraph\"><strong><a href=\"https:\/\/kiwi-kulturinitiative.de\/index.html\/rosi-schmittgen\/\">Rosi Schmittgen<\/a><\/strong><\/p>\n\n\n\n<p class=\"wp-block-paragraph\"><\/p>\n\n\n\n<p class=\"wp-block-paragraph\"><\/p>\n\n\n\n<p class=\"wp-block-paragraph\"><\/p>\n","protected":false},"excerpt":{"rendered":"<p>Kunstausstellung 2026 in der St. Andreas-KircheThema: \u201eVon der Erde zum Himmel\u201c in der&nbsp;Katholischen Kirche St. Andreas, Klein-Winternheimals Beitrag von KiWi zum Jubil\u00e4umsjahr \u201e125 Jahre St. Andreas\u201cVeranstaltung zur Ausstellungser\u00f6ffnung mit musikalischer [&hellip;]<\/p>\n","protected":false},"author":1,"featured_media":0,"parent":0,"menu_order":0,"comment_status":"closed","ping_status":"closed","template":"","meta":{"_crdt_document":"","footnotes":""},"class_list":["post-2481","page","type-page","status-publish","hentry","wpbf-post"],"_links":{"self":[{"href":"https:\/\/kiwi-kulturinitiative.de\/index.html\/wp-json\/wp\/v2\/pages\/2481","targetHints":{"allow":["GET"]}}],"collection":[{"href":"https:\/\/kiwi-kulturinitiative.de\/index.html\/wp-json\/wp\/v2\/pages"}],"about":[{"href":"https:\/\/kiwi-kulturinitiative.de\/index.html\/wp-json\/wp\/v2\/types\/page"}],"author":[{"embeddable":true,"href":"https:\/\/kiwi-kulturinitiative.de\/index.html\/wp-json\/wp\/v2\/users\/1"}],"replies":[{"embeddable":true,"href":"https:\/\/kiwi-kulturinitiative.de\/index.html\/wp-json\/wp\/v2\/comments?post=2481"}],"version-history":[{"count":13,"href":"https:\/\/kiwi-kulturinitiative.de\/index.html\/wp-json\/wp\/v2\/pages\/2481\/revisions"}],"predecessor-version":[{"id":2861,"href":"https:\/\/kiwi-kulturinitiative.de\/index.html\/wp-json\/wp\/v2\/pages\/2481\/revisions\/2861"}],"wp:attachment":[{"href":"https:\/\/kiwi-kulturinitiative.de\/index.html\/wp-json\/wp\/v2\/media?parent=2481"}],"curies":[{"name":"wp","href":"https:\/\/api.w.org\/{rel}","templated":true}]}}