{"id":1978,"date":"2024-11-11T19:31:32","date_gmt":"2024-11-11T19:31:32","guid":{"rendered":"https:\/\/kiwi-kulturinitiative.de\/index.html\/?page_id=1978"},"modified":"2024-12-19T17:42:54","modified_gmt":"2024-12-19T17:42:54","slug":"paul-scheugenpflug","status":"publish","type":"page","link":"https:\/\/kiwi-kulturinitiative.de\/index.html\/paul-scheugenpflug\/","title":{"rendered":"Paul Scheugenpflug"},"content":{"rendered":"\n<p class=\"has-larger-font-size wp-block-paragraph\"><strong>Paul Scheugenpflug <\/strong><br><strong>\u2013 Gewinner des Newcomer Jazzpreises&nbsp; RPL 2024<\/strong><\/p>\n\n\n\n<p class=\"wp-block-paragraph\" style=\"font-size:19px\"><strong>Rathaus Klein-Winternheim, Hauptstr. 6<\/strong><br><strong>Samstag, 25. Januar, 19:30 h<\/strong> &#8211; Einlass ab 19:00 h<\/p>\n\n\n\n<p class=\"wp-block-paragraph\" style=\"font-size:18px\"><strong>Eintritt: 15 \u20ac<\/strong><\/p>\n\n\n\n<div class=\"wp-block-buttons is-layout-flex wp-block-buttons-is-layout-flex\">\n<div class=\"wp-block-button has-custom-font-size has-large-font-size\"><a class=\"wp-block-button__link has-text-color has-background has-link-color wp-element-button\" href=\"https:\/\/kiwi-kulturinitiative.de\/index.html\/tickets\/\" style=\"color:#f9ee6f;background-color:#4f0c7b\"><strong>Tickets<\/strong><\/a><\/div>\n<\/div>\n\n\n\n<figure class=\"wp-block-image size-full\"><img loading=\"lazy\" decoding=\"async\" width=\"322\" height=\"323\" src=\"https:\/\/kiwi-kulturinitiative.de\/wp-content\/uploads\/2024\/11\/Scheugenpflug.jpg\" alt=\"\" class=\"wp-image-1976\" srcset=\"https:\/\/kiwi-kulturinitiative.de\/wp-content\/uploads\/2024\/11\/Scheugenpflug.jpg 322w, https:\/\/kiwi-kulturinitiative.de\/wp-content\/uploads\/2024\/11\/Scheugenpflug-300x300.jpg 300w, https:\/\/kiwi-kulturinitiative.de\/wp-content\/uploads\/2024\/11\/Scheugenpflug-150x150.jpg 150w\" sizes=\"auto, (max-width: 322px) 100vw, 322px\" \/><\/figure>\n\n\n\n<p class=\"wp-block-paragraph\" style=\"font-size:16px\">Foto: Alexander Sell<\/p>\n\n\n\n<p class=\"wp-block-paragraph\">Das Rathaus Klein-Winternheim wird am Samstag den 25. Januar\u00a0 2025, 19.30h\u00a0 zum Schauplatz eines musikalischen Highlights. Der Saxophonist und Wahlk\u00f6lner Paul Scheugenpflug pr\u00e4sentiert\u00a0 sich und seine\u00a0 im fr\u00e4nkischen N\u00fcrnberg geformte Band, das Paul Scheugenpflug Quartett. Die Band , bestehend aus: <br>Paul Scheugenpflug &#8211; Saxophon, <br>Lukas Langguth &#8211; Piano, Keyboards, <br>Moritz Neukam\u00a0&#8211; Bass, <br>Joshua Knauber &#8211; Drums, <br>spielen bekannte Jazztitel und zahlreiche Eigenkompositionen, die eine Br\u00fccke zwischen eing\u00e4ngigen Pop-Melodien und energetischer Jazz-Improvisation schlagen. Die Musik des aus Montabaur stammenden Saxophonisten (Jahrgang 1998) ist impulsiv, mal nostalgisch, mal vor Funken spr\u00fchend. <br>Besondere Aufmerksamkeit hat Paul Scheugenpflug erlangt, als er von der Kultusministerin des Landes RPL zum Gewinner des Newcomer Jazz-Preises 2024 in der Kategorie Saxophon gek\u00fcrt\u00a0 wurde. <br>Der in Rheinland-Pfalz musikalisch gro\u00df gewordene Paul Scheugenpflug stammt aus einer Lehrerfamilie im Westerwald, eine professionelle Musikerkarriere einzuschlagen war nicht von Anfang an klar. Nach dem Abitur f\u00e4llt er beim Vorspielen erstmal durch. Er entscheidet sich zun\u00e4chst f\u00fcr ein FSJ, ausgerechnet an seiner alten Schule, und bereitet sich so ein Jahr lang intensiv auf die Aufnahmepr\u00fcfung an der Musikhochschule vor, um schlie\u00dflich\u00a0an der Hochschule f\u00fcr Musik in N\u00fcrnberg angenommen zu werden. Er\u00a0schlie\u00dft den Bachelor mit Auszeichnung ab und kann das Bruno-Rother Ged\u00e4chtnisstipendium entgegennehmen. <br>Mit seinem neu gegr\u00fcndeten Jazzkollektiv \u201eF\u00e4zz\u201c gewann er 2023 \u00a0das Frankfurter Jazzstipendium.\u00a0 <br>Neben seinem Quartett spielt er auch in weiteren Formationen, vom Duo bis zur Big Band und hat bereits Konzert-Erfahrungen auf Tourneen in USA , Frankreich und Finnland sammeln k\u00f6nnen.<\/p>\n\n\n\n<p class=\"wp-block-paragraph\"><strong>Bei der Veranstaltung am 25. Januar 2025 handelt es sich um eine Kooperation zwischen der Kulturinitiative Klein-Winternheim\u00a0e. V. und dem Jazzclub Rheinhessen e. V.<\/strong><\/p>\n\n\n\n<p class=\"wp-block-paragraph\"><\/p>\n","protected":false},"excerpt":{"rendered":"<p>Paul Scheugenpflug \u2013 Gewinner des Newcomer Jazzpreises&nbsp; RPL 2024 Rathaus Klein-Winternheim, Hauptstr. 6Samstag, 25. Januar, 19:30 h &#8211; Einlass ab 19:00 h Eintritt: 15 \u20ac Foto: Alexander Sell Das Rathaus [&hellip;]<\/p>\n","protected":false},"author":1,"featured_media":0,"parent":0,"menu_order":0,"comment_status":"closed","ping_status":"closed","template":"","meta":{"_crdt_document":"","footnotes":""},"class_list":["post-1978","page","type-page","status-publish","hentry","wpbf-post"],"_links":{"self":[{"href":"https:\/\/kiwi-kulturinitiative.de\/index.html\/wp-json\/wp\/v2\/pages\/1978","targetHints":{"allow":["GET"]}}],"collection":[{"href":"https:\/\/kiwi-kulturinitiative.de\/index.html\/wp-json\/wp\/v2\/pages"}],"about":[{"href":"https:\/\/kiwi-kulturinitiative.de\/index.html\/wp-json\/wp\/v2\/types\/page"}],"author":[{"embeddable":true,"href":"https:\/\/kiwi-kulturinitiative.de\/index.html\/wp-json\/wp\/v2\/users\/1"}],"replies":[{"embeddable":true,"href":"https:\/\/kiwi-kulturinitiative.de\/index.html\/wp-json\/wp\/v2\/comments?post=1978"}],"version-history":[{"count":13,"href":"https:\/\/kiwi-kulturinitiative.de\/index.html\/wp-json\/wp\/v2\/pages\/1978\/revisions"}],"predecessor-version":[{"id":2140,"href":"https:\/\/kiwi-kulturinitiative.de\/index.html\/wp-json\/wp\/v2\/pages\/1978\/revisions\/2140"}],"wp:attachment":[{"href":"https:\/\/kiwi-kulturinitiative.de\/index.html\/wp-json\/wp\/v2\/media?parent=1978"}],"curies":[{"name":"wp","href":"https:\/\/api.w.org\/{rel}","templated":true}]}}