{"id":1022,"date":"2023-04-24T16:49:17","date_gmt":"2023-04-24T16:49:17","guid":{"rendered":"https:\/\/kiwi-kulturinitiative.de\/index.html\/?page_id=1022"},"modified":"2023-04-25T16:14:43","modified_gmt":"2023-04-25T16:14:43","slug":"25-jahre-kiwi-grussworte","status":"publish","type":"page","link":"https:\/\/kiwi-kulturinitiative.de\/index.html\/25-jahre-kiwi-grussworte\/","title":{"rendered":"25-Jahre-KiWi &#8211; Gru\u00dfwort"},"content":{"rendered":"\n<p class=\"has-text-align-left has-text-color has-regular-font-size wp-block-paragraph\" style=\"color:#4f0c7b\">Liebe KiWi-Begeisterte<br>oder die es noch werden wollen!<br><br>25 Jahre besteht nun KiWi, die Kulturinitiative Klein-Winternheim. <br>1998 ist sie entstanden aus der Idee eines Freundeskreises junger Klein-Winternheimer*innen, die wohl vor 25 Jahren das vermisst hatten, was sie dann in den folgenden 25 Jahren entwickelten und pr\u00e4sentierten. <br>Viele Aktive sind jetzt noch dabei, allerdings inzwischen auch 25 Jahre \u00e4lter. Gerade diese Gruppe w\u00fcnscht sich f\u00fcr KiWi&#8217;s Zukunft einen Zustrom von Kreativen u. Aktiven aller Altersgruppen, damit die Kulturinitiative im Tritt der Zeit bleibt und f\u00fcr ein breit gef\u00e4chertes Publikum eine ebenso breit gef\u00e4cherte Kultur erlebbar macht.<br>Diese Seiten sind ein Streifzug von der Vergangenheit zur Gegenwart, ein R\u00fcckblick und ein Ausblick.<br>&#8222;Kultur tut gut!&#8220; &#8211; sp\u00fcren Sie es selbst, indem Sie unsere Veranstaltungen auch weiterhin so gut besuchen wie bisher und mit Ihrem Besuch die KiWi-Aktiven zu ihrem Engagement motivieren.<br><br>Ich w\u00fcnsche Ihnen viel Spa\u00df an unserem<br>Fest-Wochenende und auch weiterhin mit KiWi,<br>Ihr<br>Volker Eckert<br>1.Vorsitzender<\/p>\n\n\n\n<figure class=\"wp-block-image size-large is-resized\"><img loading=\"lazy\" decoding=\"async\" src=\"https:\/\/kiwi-kulturinitiative.de\/wp-content\/uploads\/2023\/02\/KiWi-Volker-1-1-711x1024.jpg\" alt=\"\" class=\"wp-image-894\" width=\"193\" height=\"278\" srcset=\"https:\/\/kiwi-kulturinitiative.de\/wp-content\/uploads\/2023\/02\/KiWi-Volker-1-1-711x1024.jpg 711w, https:\/\/kiwi-kulturinitiative.de\/wp-content\/uploads\/2023\/02\/KiWi-Volker-1-1-208x300.jpg 208w, https:\/\/kiwi-kulturinitiative.de\/wp-content\/uploads\/2023\/02\/KiWi-Volker-1-1.jpg 726w\" sizes=\"auto, (max-width: 193px) 100vw, 193px\" \/><\/figure>\n\n\n<style>.kb-row-layout-id_4a6a31-7f > .kt-row-column-wrap{align-content:start;}:where(.kb-row-layout-id_4a6a31-7f > .kt-row-column-wrap) > .wp-block-kadence-column{justify-content:start;}.kb-row-layout-id_4a6a31-7f > .kt-row-column-wrap{column-gap:var(--global-kb-gap-md, 2rem);row-gap:var(--global-kb-gap-md, 2rem);padding-top:var(--global-kb-spacing-sm, 1.5rem);padding-bottom:var(--global-kb-spacing-sm, 1.5rem);grid-template-columns:minmax(0, 1fr);}.kb-row-layout-id_4a6a31-7f > .kt-row-layout-overlay{opacity:0.30;}@media all and (max-width: 1024px){.kb-row-layout-id_4a6a31-7f > .kt-row-column-wrap{grid-template-columns:minmax(0, 1fr);}}@media all and (max-width: 767px){.kb-row-layout-id_4a6a31-7f > .kt-row-column-wrap{grid-template-columns:minmax(0, 1fr);}}<\/style><div class=\"kb-row-layout-wrap kb-row-layout-id_4a6a31-7f alignnone wp-block-kadence-rowlayout\"><div class=\"kt-row-column-wrap kt-has-1-columns kt-row-layout-equal kt-tab-layout-inherit kt-mobile-layout-row kt-row-valign-top\">\n<style>.kadence-column_ab2768-9f > .kt-inside-inner-col,.kadence-column_ab2768-9f > .kt-inside-inner-col:before{border-top-left-radius:0px;border-top-right-radius:0px;border-bottom-right-radius:0px;border-bottom-left-radius:0px;}.kadence-column_ab2768-9f > .kt-inside-inner-col{column-gap:var(--global-kb-gap-sm, 1rem);}.kadence-column_ab2768-9f > .kt-inside-inner-col{flex-direction:column;}.kadence-column_ab2768-9f > .kt-inside-inner-col > .aligncenter{width:100%;}.kadence-column_ab2768-9f > .kt-inside-inner-col:before{opacity:0.3;}.kadence-column_ab2768-9f{position:relative;}@media all and (max-width: 1024px){.kadence-column_ab2768-9f > .kt-inside-inner-col{flex-direction:column;justify-content:center;}}@media all and (max-width: 767px){.kadence-column_ab2768-9f > .kt-inside-inner-col{flex-direction:column;justify-content:center;}}<\/style>\n<div class=\"wp-block-kadence-column kadence-column_ab2768-9f\"><div class=\"kt-inside-inner-col\">\n<p class=\"wp-block-paragraph\"><\/p>\n\n\n\n<p class=\"wp-block-paragraph\"><\/p>\n\n\n\n<p class=\"wp-block-paragraph\"><\/p>\n<\/div><\/div>\n\n<\/div><\/div>\n\n\n<p class=\"has-large-font-size wp-block-paragraph\"><strong>Gru\u00dfwort der Ortsb\u00fcrgermeisterin Ute Granold<\/strong><\/p>\n\n\n\n<p class=\"has-regular-font-size wp-block-paragraph\">Wir gratulieren KiWi zum 25j\u00e4hrigen Jubil\u00e4um und bedanken uns f\u00fcr das hervorragende Engagement in unserer Gemeinde.<br>KiWi ist unter den Vereinen eine feste Gr\u00f6\u00dfe und bietet von Rock-, Jazz- und Klassik-Konzerten, \u00fcber Theater, Literatur, Malerei und Fotografie &#8211; um hier nur einige Aktivit\u00e4ten aus dem vielf\u00e4ltigen Vereinsleben zu nennen &#8211; eine reiche Palette an Angeboten.<br>Dabei sind sicherlich die wechselnden Veranstaltungsorte inmitten der Gemeinde immer wieder eine Herausforderung, aber auch eine unsch\u00e4tzbare Bereicherung.<br>Kinder, Jugendliche und Familien sind bei KiWi stets gern gesehene G\u00e4ste.<br>KiWi ist zwar ein kleiner Verein, seine Vereinsaktivit\u00e4ten sind aber umso gr\u00f6\u00dfer &#8211; und dies inzwischen auch weit \u00fcber unsere Gemeindegrenzen hinaus.<br>Wir danken KiWi an dieser Stelle f\u00fcr ihr ehrenamtliches Wirken und w\u00fcnschen weiterhin gutes Gelingen.<br>Herzlichst<br>Ute Granold<br>Ortsb\u00fcrgermeisterin<\/p>\n\n\n\n<figure class=\"wp-block-image size-full is-resized\"><img loading=\"lazy\" decoding=\"async\" src=\"https:\/\/kiwi-kulturinitiative.de\/wp-content\/uploads\/2023\/04\/Grussworte-Ute-Granold.jpg\" alt=\"\" class=\"wp-image-1076\" width=\"190\" height=\"255\" srcset=\"https:\/\/kiwi-kulturinitiative.de\/wp-content\/uploads\/2023\/04\/Grussworte-Ute-Granold.jpg 361w, https:\/\/kiwi-kulturinitiative.de\/wp-content\/uploads\/2023\/04\/Grussworte-Ute-Granold-224x300.jpg 224w\" sizes=\"auto, (max-width: 190px) 100vw, 190px\" \/><\/figure>\n\n\n<style>.kb-row-layout-id_ac143d-60 > .kt-row-column-wrap{align-content:start;}:where(.kb-row-layout-id_ac143d-60 > .kt-row-column-wrap) > .wp-block-kadence-column{justify-content:start;}.kb-row-layout-id_ac143d-60 > .kt-row-column-wrap{column-gap:var(--global-kb-gap-md, 2rem);row-gap:var(--global-kb-gap-md, 2rem);padding-top:var(--global-kb-spacing-sm, 1.5rem);padding-bottom:var(--global-kb-spacing-sm, 1.5rem);grid-template-columns:minmax(0, 1fr);}.kb-row-layout-id_ac143d-60 > .kt-row-layout-overlay{opacity:0.30;}@media all and (max-width: 1024px){.kb-row-layout-id_ac143d-60 > .kt-row-column-wrap{grid-template-columns:minmax(0, 1fr);}}@media all and (max-width: 767px){.kb-row-layout-id_ac143d-60 > .kt-row-column-wrap{grid-template-columns:minmax(0, 1fr);}}<\/style><div class=\"kb-row-layout-wrap kb-row-layout-id_ac143d-60 alignnone wp-block-kadence-rowlayout\"><div class=\"kt-row-column-wrap kt-has-1-columns kt-row-layout-equal kt-tab-layout-inherit kt-mobile-layout-row kt-row-valign-top\">\n<style>.kadence-column_5da12e-c1 > .kt-inside-inner-col,.kadence-column_5da12e-c1 > .kt-inside-inner-col:before{border-top-left-radius:0px;border-top-right-radius:0px;border-bottom-right-radius:0px;border-bottom-left-radius:0px;}.kadence-column_5da12e-c1 > .kt-inside-inner-col{column-gap:var(--global-kb-gap-sm, 1rem);}.kadence-column_5da12e-c1 > .kt-inside-inner-col{flex-direction:column;}.kadence-column_5da12e-c1 > .kt-inside-inner-col > .aligncenter{width:100%;}.kadence-column_5da12e-c1 > .kt-inside-inner-col:before{opacity:0.3;}.kadence-column_5da12e-c1{position:relative;}@media all and (max-width: 1024px){.kadence-column_5da12e-c1 > .kt-inside-inner-col{flex-direction:column;justify-content:center;}}@media all and (max-width: 767px){.kadence-column_5da12e-c1 > .kt-inside-inner-col{flex-direction:column;justify-content:center;}}<\/style>\n<div class=\"wp-block-kadence-column kadence-column_5da12e-c1\"><div class=\"kt-inside-inner-col\">\n<p class=\"wp-block-paragraph\"><\/p>\n\n\n\n<p class=\"wp-block-paragraph\"><\/p>\n\n\n\n<p class=\"wp-block-paragraph\"><\/p>\n<\/div><\/div>\n\n<\/div><\/div>\n\n\n<p class=\"has-large-font-size wp-block-paragraph\"><strong>Gru\u00dfwort des Verbandsb\u00fcrgermeisters Ralph Spiegler<\/strong><\/p>\n\n\n\n<p class=\"wp-block-paragraph\">Sehr geehrte Damen und Herren,<br>die Kulturinitiative Klein-Winternheim wird 25 Jahre alt \u2013 wahrlich ein Grund zum Feiern!<br>25 Jahre sind eine lange Zeit, um ehrenamtliche T\u00e4tigkeit durchzuhalten. Andererseits ist es aber eine sehr kurze Zeit, wenn man betrachtet, was die Kulturinitiative in dieser Zeit alles gestemmt und ins Leben gerufen hat. Seit einem Vierteljahrhundert bietet die \u201eKiWi\u201c den Menschen in unserer Region ein vielf\u00e4ltiges kulturelles Programm an ebenso vielf\u00e4ltigen Pl\u00e4tzen in Klein-Winternheim. Mein herzlicher Dank geht an die engagierten Mitglieder und Aktiven der \u201eKiWi\u201c verbunden mit den herzlichsten Gl\u00fcckw\u00fcnschen zum Jubil\u00e4um.<br>Mit Ihrem kulturellen Angebot machen Sie unsere Verbandsgemeinde noch ein St\u00fcck attraktiver. F\u00fcr die kommenden Jahre w\u00fcnsche ich Ihnen weiterhin gutes Gelingen und wenn ich einen Wunsch formulieren darf:<br>Bitte bleiben Sie auch weiter so aktiv f\u00fcr die Menschen in Klein-Winternheim und dar\u00fcber hinaus.<br>Ihr Ralph Spiegler<br>B\u00fcrgermeister der Verbandsgemeinde Nieder-Olm<\/p>\n\n\n\n<figure class=\"wp-block-image size-full is-resized\"><img loading=\"lazy\" decoding=\"async\" src=\"https:\/\/kiwi-kulturinitiative.de\/wp-content\/uploads\/2023\/04\/Ralph-Spiegler.jpg\" alt=\"\" class=\"wp-image-1077\" width=\"295\" height=\"206\" srcset=\"https:\/\/kiwi-kulturinitiative.de\/wp-content\/uploads\/2023\/04\/Ralph-Spiegler.jpg 613w, https:\/\/kiwi-kulturinitiative.de\/wp-content\/uploads\/2023\/04\/Ralph-Spiegler-300x209.jpg 300w\" sizes=\"auto, (max-width: 295px) 100vw, 295px\" \/><\/figure>\n","protected":false},"excerpt":{"rendered":"<p>Liebe KiWi-Begeisterteoder die es noch werden wollen! 25 Jahre besteht nun KiWi, die Kulturinitiative Klein-Winternheim. 1998 ist sie entstanden aus der Idee eines Freundeskreises junger Klein-Winternheimer*innen, die wohl vor 25 [&hellip;]<\/p>\n","protected":false},"author":1,"featured_media":0,"parent":0,"menu_order":0,"comment_status":"closed","ping_status":"closed","template":"","meta":{"_crdt_document":"","footnotes":""},"class_list":["post-1022","page","type-page","status-publish","hentry","wpbf-post"],"_links":{"self":[{"href":"https:\/\/kiwi-kulturinitiative.de\/index.html\/wp-json\/wp\/v2\/pages\/1022","targetHints":{"allow":["GET"]}}],"collection":[{"href":"https:\/\/kiwi-kulturinitiative.de\/index.html\/wp-json\/wp\/v2\/pages"}],"about":[{"href":"https:\/\/kiwi-kulturinitiative.de\/index.html\/wp-json\/wp\/v2\/types\/page"}],"author":[{"embeddable":true,"href":"https:\/\/kiwi-kulturinitiative.de\/index.html\/wp-json\/wp\/v2\/users\/1"}],"replies":[{"embeddable":true,"href":"https:\/\/kiwi-kulturinitiative.de\/index.html\/wp-json\/wp\/v2\/comments?post=1022"}],"version-history":[{"count":7,"href":"https:\/\/kiwi-kulturinitiative.de\/index.html\/wp-json\/wp\/v2\/pages\/1022\/revisions"}],"predecessor-version":[{"id":1087,"href":"https:\/\/kiwi-kulturinitiative.de\/index.html\/wp-json\/wp\/v2\/pages\/1022\/revisions\/1087"}],"wp:attachment":[{"href":"https:\/\/kiwi-kulturinitiative.de\/index.html\/wp-json\/wp\/v2\/media?parent=1022"}],"curies":[{"name":"wp","href":"https:\/\/api.w.org\/{rel}","templated":true}]}}